{"id":740,"date":"2024-06-18T14:31:25","date_gmt":"2024-06-18T12:31:25","guid":{"rendered":"https:\/\/byoghavn.dk\/orestad\/?page_id=740"},"modified":"2025-11-07T15:29:14","modified_gmt":"2025-11-07T14:29:14","slug":"fotokonkurrence-this-is-oerestad","status":"publish","type":"page","link":"https:\/\/byoghavn.dk\/orestad\/fotokonkurrence-this-is-oerestad\/","title":{"rendered":"Fotokonkurrence: This is \u00d8restad"},"content":{"rendered":"\n<header id=\"hero-3\">\n    <h1>Fotokonkurrence: This is \u00d8restad<\/h1>\n<\/header>\n<hr data-id=\"no-news\">\n<a href=\"https:\/\/byoghavn.dk\/app\/\"><img decoding=\"async\" src=\"https:\/\/byoghavn.dk\/havnen\/wp-content\/uploads\/sites\/5\/2019\/04\/hjemmeside-dims-1.png\"><\/a>\n<img decoding=\"async\" src=\"https:\/\/byoghavn.dk\/orestad\/wp-content\/themes\/BOH\/images\/footer-gray-triangle.svg\" alt=\"\">\n<hr data-id=\"js-nonews-end\">\n        <h2>I 2024 var det 20 \u00e5r siden, de f\u00f8rste beboere flyttede ind i \u00d8restad Nord. Det blev fejret med en fotokonkurrence, hvor vi zoomede ind p\u00e5 hvordan livet i \u00d8restad ser ud i dag.<\/h2><h3>This is \u00d8restad<\/h3><p>Id\u00e9en var at invitere \u00d8restadsbeboere, k\u00f8benhavnere og alle andre interesserede med til at fort\u00e6lle \u00d8restads historie med egne snapshots af store og sm\u00e5 \u00f8jeblikke i \u00d8restad. At g\u00e5 p\u00e5 jagt efter arkitektur i verdensklasse med F\u00e6lleden som n\u00e6rmeste nabo, boliger og foreninger med st\u00e6rke f\u00e6llesskaber, byliv med nye traditioner eller moderne byudvikling i takt med tidens \u00e5nd.Konkurrencen k\u00f8rte fra 20. juni til 29. august 2024 og var \u00e5ben for alle fotografer, amat\u00f8rer s\u00e5vel som professionelle.<\/p><h3><strong>Dommerpanel<\/strong><\/h3>De indsendte fotos blev bed\u00f8mt af tre professionelle dommere: Trine S\u00f8ndergaard, Christian Falck Wollf og Tine Reingaard. Dommerpanelet var sammensat ud fra deres professionelle virke og den mangfoldighed de repr\u00e6senterer, s\u00e5 bed\u00f8mmelsen af de mange gode fotos, blev s\u00e5 alsidig og kvalificeret som mulig.<h3><strong>Se de indsendte fotos<\/strong><\/h3>Der blev indsendt over 1.100 fotos til konkurrencen. Se de bedste fotos fra konkurrencen, vinderbillederne og l\u00e6s dommernes udtalelser p\u00e5 <strong><a href=\"https:\/\/thisisorestad.dk\">thisisorestad.dk<\/a>.<\/strong><h3><strong>Et samarbejde<\/strong><\/h3>This is \u00d8restad var et samarbejde mellem fem parter: \u00d8ICC &#8211; \u00d8restad Innovation City Copenhagen, \u00d8restad Grundejerforeninger og Vandlaug, \u00d8restad Avis, Field&#8217;s og By &amp; Havn.<ul><li><strong>Udviklingsselskabet By &amp; Havn<\/strong>, <a href=\"mailto:info@byoghavn.dk\">info@byoghavn.dk<\/a> \/ 2369 6786<\/li><li><strong>\u00d8ICC &#8211; \u00d8restad Innovation City Center<\/strong>, <a href=\"mailto:info@oicc.dk\">info@oicc.dk<\/a> \/ 3149 6634<\/li><li><strong>\u00d8restad Grundejerforeninger og Vandlaug<\/strong>, <a href=\"mailto:kontakt@orestad.net\">kontakt@orestad.net<\/a> \/ 2984 0071<\/li><li><strong>\u00d8restad Avis<\/strong>, <a href=\"mailto:info@orestad-avis.dk\">info@orestad-avis.dk<\/a> \/ 3115 3040<\/li><li><strong>Field&#8217;s Shoppingcenter<\/strong>, 7020 8505<\/li><\/ul>&nbsp;<p><\/p>\n","protected":false},"excerpt":{"rendered":"<p>I 2024 var det 20 \u00e5r siden, de f\u00f8rste beboere flyttede ind i \u00d8restad Nord. Det blev fejret med en&#8230;<\/p>\n","protected":false},"author":4,"featured_media":0,"parent":0,"menu_order":0,"comment_status":"closed","ping_status":"closed","template":"","meta":{"footnotes":""},"wf_page_folders":[],"class_list":["post-740","page","type-page","status-publish","hentry"],"acf":[],"yoast_head":"<!-- This site is optimized with the Yoast SEO Premium plugin v15.6.2 - https:\/\/yoast.com\/wordpress\/plugins\/seo\/ -->\n<title>Fotokonkurrence: This is \u00d8restad - \u00d8restad<\/title>\n<meta name=\"robots\" content=\"index, follow, max-snippet:-1, max-image-preview:large, max-video-preview:-1\" \/>\n<link rel=\"canonical\" href=\"https:\/\/byoghavn.dk\/orestad\/fotokonkurrence-this-is-oerestad\/\" \/>\n<meta property=\"og:locale\" content=\"da_DK\" \/>\n<meta property=\"og:type\" content=\"article\" \/>\n<meta property=\"og:title\" content=\"Fotokonkurrence: This is \u00d8restad - \u00d8restad\" \/>\n<meta property=\"og:description\" content=\"I 2024 var det 20 \u00e5r siden, de f\u00f8rste beboere flyttede ind i \u00d8restad Nord. Det blev fejret med en...\" \/>\n<meta property=\"og:url\" content=\"https:\/\/byoghavn.dk\/orestad\/fotokonkurrence-this-is-oerestad\/\" \/>\n<meta property=\"og:site_name\" content=\"\u00d8restad\" \/>\n<meta property=\"article:modified_time\" content=\"2025-11-07T14:29:14+00:00\" \/>\n<meta property=\"og:image\" content=\"https:\/\/byoghavn.dk\/havnen\/wp-content\/uploads\/sites\/5\/2019\/04\/hjemmeside-dims-1.png\" \/>\n<meta name=\"twitter:card\" content=\"summary_large_image\" \/>\n<script type=\"application\/ld+json\" class=\"yoast-schema-graph\">{\"@context\":\"https:\/\/schema.org\",\"@graph\":[{\"@type\":\"WebSite\",\"@id\":\"https:\/\/byoghavn.dk\/orestad\/#website\",\"url\":\"https:\/\/byoghavn.dk\/orestad\/\",\"name\":\"\\u00d8restad\",\"description\":\"\\u00d8restad\",\"potentialAction\":[{\"@type\":\"SearchAction\",\"target\":\"https:\/\/byoghavn.dk\/orestad\/?s={search_term_string}\",\"query-input\":\"required name=search_term_string\"}],\"inLanguage\":\"da-DK\"},{\"@type\":\"ImageObject\",\"@id\":\"https:\/\/byoghavn.dk\/orestad\/fotokonkurrence-this-is-oerestad\/#primaryimage\",\"inLanguage\":\"da-DK\",\"url\":\"https:\/\/byoghavn.dk\/havnen\/wp-content\/uploads\/sites\/5\/2019\/04\/hjemmeside-dims-1.png\"},{\"@type\":\"WebPage\",\"@id\":\"https:\/\/byoghavn.dk\/orestad\/fotokonkurrence-this-is-oerestad\/#webpage\",\"url\":\"https:\/\/byoghavn.dk\/orestad\/fotokonkurrence-this-is-oerestad\/\",\"name\":\"Fotokonkurrence: This is \\u00d8restad - \\u00d8restad\",\"isPartOf\":{\"@id\":\"https:\/\/byoghavn.dk\/orestad\/#website\"},\"primaryImageOfPage\":{\"@id\":\"https:\/\/byoghavn.dk\/orestad\/fotokonkurrence-this-is-oerestad\/#primaryimage\"},\"datePublished\":\"2024-06-18T12:31:25+00:00\",\"dateModified\":\"2025-11-07T14:29:14+00:00\",\"inLanguage\":\"da-DK\",\"potentialAction\":[{\"@type\":\"ReadAction\",\"target\":[\"https:\/\/byoghavn.dk\/orestad\/fotokonkurrence-this-is-oerestad\/\"]}]}]}<\/script>\n<!-- \/ Yoast SEO Premium plugin. -->","_links":{"self":[{"href":"https:\/\/byoghavn.dk\/orestad\/wp-json\/wp\/v2\/pages\/740","targetHints":{"allow":["GET"]}}],"collection":[{"href":"https:\/\/byoghavn.dk\/orestad\/wp-json\/wp\/v2\/pages"}],"about":[{"href":"https:\/\/byoghavn.dk\/orestad\/wp-json\/wp\/v2\/types\/page"}],"author":[{"embeddable":true,"href":"https:\/\/byoghavn.dk\/orestad\/wp-json\/wp\/v2\/users\/4"}],"replies":[{"embeddable":true,"href":"https:\/\/byoghavn.dk\/orestad\/wp-json\/wp\/v2\/comments?post=740"}],"version-history":[{"count":9,"href":"https:\/\/byoghavn.dk\/orestad\/wp-json\/wp\/v2\/pages\/740\/revisions"}],"predecessor-version":[{"id":1206,"href":"https:\/\/byoghavn.dk\/orestad\/wp-json\/wp\/v2\/pages\/740\/revisions\/1206"}],"wp:attachment":[{"href":"https:\/\/byoghavn.dk\/orestad\/wp-json\/wp\/v2\/media?parent=740"}],"wp:term":[{"taxonomy":"wf_page_folders","embeddable":true,"href":"https:\/\/byoghavn.dk\/orestad\/wp-json\/wp\/v2\/wf_page_folders?post=740"}],"curies":[{"name":"wp","href":"https:\/\/api.w.org\/{rel}","templated":true}]}}