{"id":389,"date":"2021-11-03T11:03:47","date_gmt":"2021-11-03T10:03:47","guid":{"rendered":"https:\/\/byoghavn.dk\/orestad\/?page_id=389"},"modified":"2025-02-12T12:12:58","modified_gmt":"2025-02-12T11:12:58","slug":"orestadsyd","status":"publish","type":"page","link":"https:\/\/byoghavn.dk\/orestad\/orestadsyd\/","title":{"rendered":"\u00d8restad Syd"},"content":{"rendered":"\n<header id=\"hero-3\">\n    <h1>Velkommen til \u00d8restad Syd<\/h1>\n<\/header>\n<hr data-id=\"no-news\" \/>\n<a href=\"https:\/\/byoghavn.dk\/app\/\"><img decoding=\"async\" src=\"https:\/\/byoghavn.dk\/havnen\/wp-content\/uploads\/sites\/5\/2019\/04\/hjemmeside-dims-1.png\" \/><\/a>\n<img decoding=\"async\" src=\"https:\/\/byoghavn.dk\/orestad\/wp-content\/themes\/BOH\/images\/footer-gray-triangle.svg\" alt=\"\" \/>\n<hr data-id=\"js-nonews-end\" \/>\n        <p><strong>Den gule plads p\u00e5 Asger Jorns All\u00e9\u00a0<\/strong>Bag streetfoodvogne p\u00e5 Asger Jorns All\u00e9 indretter By &amp; Havn et midlertidigt byrum, som kan danne en ramme for udend\u00f8rs aktiviteter i bydelen i de kommende \u00e5r, indtil Byens Hus st\u00e5r f\u00e6rdigt. Det midlertidige byrum har f\u00e5et navnet Den gule plads, og indrettes l\u00f8bende sammen med de lokale akt\u00f8rer, som afholder arrangementer i \u00d8restad Syd. P\u00e5 den m\u00e5de sikrer vi, at det midlertidige byrum afspejler lokale \u00f8nsker og behov, og at det bruges p\u00e5 den m\u00e5de, det er tilt\u00e6nkt.Den gule plads kan bookes til arrangementer via \u00d8restad Syd Borgerforening p\u00e5 bydelskalenderen <a href=\"https:\/\/mitorestad.dk\/hjaelp\/\">Mit \u00d8restad<\/a>.\u00a0P\u00e5 Den gule plads kan du netop nu se de flotte fotos fra sommerens fotokonkurrence; <a href=\"https:\/\/www.thisisorestad.dk\/\">This is \u00d8restad<\/a>. Se foto herover. Pladsen kan ogs\u00e5 bruges til andre udstillinger. Skriv til info@byoghavn.dk hvis du gerne vil benytte den mulighed.\u00a0Den gule plads blev indviet s\u00f8ndag den 1. december 2024 &#8211; se foto herunder og <strong><a href=\"https:\/\/byoghavn.dk\/julehygge-paa-asger-jorns-alle\/\">l\u00e6s mere her<\/a><\/strong><h2>\u00a0<\/h2><strong>Tidlig opstart af Byens Hus<\/strong>Det lokale foreningshus Byens Hus p\u00e5 Asger Jorns All\u00e9 bliver et omdrejningspunkt for vigtige bylivsaktiviteter, begivenheder og spontane m\u00f8der mellem naboer i \u00d8restad Syd. Da byggeriet af huset desv\u00e6rre er forsinket, har By &amp; Havn taget initiativ til en tidlig opstart af de tilbud og muligheder, som Byens Hus p\u00e5 sigt kommer til at rumme &#8211; som f.eks. kulturtilbud, foreningsaktiviteter og plads til fejringer af f\u00e6lles m\u00e6rkedage og begivenheder. Men st\u00f8tte fra By &amp; Havn afholder \u00d8restad Bibliotek f.eks. litter\u00e6re byvandringer, t\u00f8jbyttemarked, koncerter og andre arrangementer for voksne og b\u00f8rn i \u00d8restad Syd.<\/p>    \n\t\t\t\t<img loading=\"lazy\" decoding=\"async\" src=\"https:\/\/byoghavn.dk\/orestad\/wp-content\/uploads\/sites\/3\/2025\/02\/Asger-Jorns-Alle238_1920x1080.jpg\" alt=\"Asger-Jorns-Alle238_1920x1080\" height=\"1080\" width=\"1920\" title=\"Asger-Jorns-Alle238_1920x1080\" \/>\n        <p><strong>Streetfood p\u00e5 Asger Jorns All\u00e9<\/strong>By &amp; Havn har indrettet et omr\u00e5de til hyggeligt samv\u00e6r med b\u00e6nke, plantekasser &#8211; og sikret str\u00f8mforhold og affaldsl\u00f8sninger til fem foodtrucks p\u00e5 Asger Jorns All\u00e9.By &amp; Havn arbejder sammen med lokale beboere, erhvervsdrivende og foreninger om at skabe midlertidige samlingssteder og indbyde til ophold, leg og f\u00e6llesskab for beboere og bes\u00f8gende indtil Asger Jorns All\u00e9 er udbygget.De midlertidige byrum bliver l\u00f8bende udviklet og erfaringerne fra de midlertidige afpr\u00f8vninger kan bruges, n\u00e5r de permanente byrum skal skabes.By &amp; Havn faciliterede i efter\u00e5ret 2021 en proces med m\u00f8der og workshops, hvor mange lokale beboere, erhvervsdrivende og foreninger bidrog med input, ideer og \u00f8nsker til typen af aktiviteter for b\u00e5de de midlertidige og de permanente byrum langs p\u00e5 stedet.\u00a0Lejeindt\u00e6gten fra de fem foodtrucks videregives til \u00d8restad Syd Borgerforening, s\u00e5 midlerne kan bruges til lokale arrangementer. Har du en god id\u00e9 til et arrangement, s\u00e5 kontakt \u00d8restad Syd Borgerforening\u00a0<a href=\"https:\/\/xn--restadsydborgerforening-kmc.dk\/kontakt\/\"><strong>her<\/strong><\/a>\u00a0<\/p>    \n\t\t\t\t<img loading=\"lazy\" decoding=\"async\" src=\"https:\/\/byoghavn.dk\/orestad\/wp-content\/uploads\/sites\/3\/2023\/09\/Foodtrucks_1920x1080.jpg\" alt=\"Foodtrucks_1920x1080\" height=\"1080\" width=\"1920\" title=\"Foodtrucks_1920x1080\" \/>\n\n   .parallax-wrap .full-width-image\n    {\n        width: 100%;\n        height: 100%;\n        background-size: cover;\n        background-position: center center; \n    }\n    .parallax-small {\n\tposition: fixed;\n\ttop: 0;\n\t-webkit-transform: translate3d(0, 0, 0);\n\ttransform: translate3d(0, 0, 0);\n\t-webkit-transform-style: preserve-3d;\n\ttransform-style: preserve-3d;\n\twidth: 100%;\n\t\/* BG behaviour *\/\n\tbackground-position: center;\n\tbackground-repeat: no-repeat;\n\tbackground-size: cover;\n}\n\n<hr data-type=\"full-image\" data-bg=\"https:\/\/byoghavn.dk\/orestad\/wp-content\/uploads\/sites\/3\/2023\/09\/Loop-Lys-5-1920x1080-1.jpg\" \/>\n        <p><strong>Midlertidig blomster- og gr\u00e6smark<\/strong>I sommeren 2023 anlagde By &amp; Havn i samarbejde med \u00d8restad Syd Borgerforening en mark med mad til bierne. <a href=\"https:\/\/byoghavn.dk\/mens-vi-venter-paa-asger-jorns-alle\/\">L\u00e6s mere i nyhedsbrevet her.\u00a0<\/a><\/p>    \n\n   .parallax-wrap .full-width-image\n    {\n        width: 100%;\n        height: 100%;\n        background-size: cover;\n        background-position: center center; \n    }\n    .parallax-small {\n\tposition: fixed;\n\ttop: 0;\n\t-webkit-transform: translate3d(0, 0, 0);\n\ttransform: translate3d(0, 0, 0);\n\t-webkit-transform-style: preserve-3d;\n\ttransform-style: preserve-3d;\n\twidth: 100%;\n\t\/* BG behaviour *\/\n\tbackground-position: center;\n\tbackground-repeat: no-repeat;\n\tbackground-size: cover;\n}\n\n<hr data-type=\"full-image\" data-bg=\"https:\/\/byoghavn.dk\/orestad\/wp-content\/uploads\/sites\/3\/2023\/09\/OERESTAD_SYD_KOEBEHAVN_S_20230821_TH_0082_1920x1080.jpg\" \/>\n        <h2>Nyhedsbrev s\u00e6rligt om \u00d8restad Syd<\/h2><p>Tilmeld dig vores nyhedsbrev om stort og sm\u00e5t i \u00d8restad Syd. Udfyld formularen herunder.\u00a0<\/p>    \n\t<!-- Updated by Morten F.T \/ Morten F. Hansen \/ morten@mortenft.com .. 2021 11 23 --> \n<!-- Begin Mailchimp Signup Form -->\n\n\n\t#mc_embed_signup{background:#fff; clear:left; font:14px Helvetica,Arial,sans-serif; }\n\t\/* Add your own Mailchimp form style overrides in your site stylesheet or in this style block.\n\t   We recommend moving this block and the preceding CSS link to the HEAD of your HTML file. *\/\n\n\n\t#mc-embedded-subscribe-form input[type=checkbox]{display: inline; width: auto;margin-right: 10px;}\n\t#mergeRow-gdpr {margin-top: 20px;}\n\t#mergeRow-gdpr fieldset label {font-weight: normal;}\n\t#mc-embedded-subscribe-form .mc_fieldset{border:none;min-height: 0px;padding-bottom:0px;}\n\n\n* skal udfyldes\n\t<label for=\"mce-FNAME\">Navn <\/label>\n\t\n\t<label for=\"mce-EMAIL\">E-mail-adresse  *\n<\/label>\n\t\n    <strong>V\u00e6lg nyhedsbreve  *<\/strong>\n    <ul><li><label for=\"mce-group[2763]-2763-0\">By &amp; Havn<\/label><\/li>\n    <li><label for=\"mce-group[2763]-2763-3\">K\u00f8benhavns Havn<\/label><\/li>\n\t<li><label for=\"mce-group[2763]-2763-5\">Lynetteholm<\/label><\/li>\n\t<li><label for=\"mce-group[2763]-2763-1\">Nordhavn<\/label><\/li>\n\t<li><label for=\"mce-group[2763]-2763-4\">Sundmolen<\/label><\/li>\n\t<li><label for=\"mce-group[2763]-2763-2\">\u00d8restad<\/label><\/li>\n\t<li><label for=\"mce-group[2763]-2763-6\">\u00d8restad Syd<\/label><\/li>\n<\/ul>\n        <label>Tilladelse<\/label>\n        <p>N\u00e5r du tilmelder dig By &amp; Havns nyhedsservice, samtykker du til, at By &amp; Havn m\u00e5 sende dig nyhedsbreve.<\/p>\n        <fieldset>\n\t\t<label for=\"gdpr_86087\">Ja, jeg giver mit samtykke  * <\/label>\n        <\/fieldset>\n        <p>Du kan altid framelde dit abonnement ved at klikke p\u00e5 linket nederst i de nyhedsbreve, du modtager.<\/p>\n\t    <!-- real people should not fill this in and expect good things - do not remove this or risk form bot signups-->\n    \n    \n\n<!--End mc_embed_signup-->\n\n    #options input {\n        display: none;\n    }\n    #options label {\n        cursor: pointer;\n    }\n    #filter-year {\n        max-height: 40px;\n        overflow: hidden;\n        position: relative;\n        transition: all 0.5s ease;\n        padding-right:40px;\n    }\n    #filter-year-wrap {position: relative;}\n    #filter-year .loadmore-years {\n        top:0;\n         transition: all 0.5s ease;\n          content: &#8220;f142&#8221;;\n        font-family: &#8220;Font Awesome 5 Free&#8221;;\n        width: 34px;\n        height: 34px;\n        line-height: 34px;\n        font-weight: bold;\n        color: white;\n        text-align: center;\n        border-radius: 10px;\n    }\n    #filter-year.show-all {\n        max-height: 400px;\n    } \n    .grid {min-height: 60vh;}\n    .spinner {\n  margin: 100px auto 0;\n  width: 70px;\n  text-align: center;\n}\n.spinner &gt; div {\n  width: 18px;\n  height: 18px;\n  background-color: #FF5F59;\n  border-radius: 100%;\n  display: inline-block;\n  -webkit-animation: sk-bouncedelay 1.4s infinite ease-in-out both;\n  animation: sk-bouncedelay 1.4s infinite ease-in-out both;\n}\n.spinner .bounce1 {\n  -webkit-animation-delay: -0.32s;\n  animation-delay: -0.32s;\n}\n.spinner .bounce2 {\n  -webkit-animation-delay: -0.16s;\n  animation-delay: -0.16s;\n}\n@-webkit-keyframes sk-bouncedelay {\n  0%, 80%, 100% { -webkit-transform: scale(0) }\n  40% { -webkit-transform: scale(1.0) }\n}\n@keyframes sk-bouncedelay {\n  0%, 80%, 100% { \n    -webkit-transform: scale(0);\n    transform: scale(0);\n  } 40% { \n    -webkit-transform: scale(1.0);\n    transform: scale(1.0);\n  }\n}\n\n\n                 <h2>L\u00e6s nyheder om \u00d8restad Syd<\/h2>\n        <section id=\"options\">\n                                <\/section>\n        <!-- #options -->\n                 <img decoding=\"async\" src=\"https:\/\/byoghavn.dk\/orestad\/wp-content\/uploads\/2025\/01\/1920x1080-768x432.jpg\" \/>                 \n                    <h3>Det Obelske Familiefond giver betydelig donation til Byens Scene i \u00d8restad<\/h3>\n                    <p>8. januar 2025<\/p>\n                     Det Obelske Familiefond har besluttet at give partnerskabet bag Byens Scene en gener\u00f8s donation p\u00e5 8 mio. kr. til kunst-&#8230;\n                 <a href=\"https:\/\/byoghavn.dk\/det-obelske-familiefond-giver-betydelig-donation-til-byens-scene-i-oerestad\/\"><\/a>\n                 <img decoding=\"async\" src=\"https:\/\/byoghavn.dk\/orestad\/wp-content\/uploads\/2024\/12\/Asger-Jorns-Alle238_1920x1080-768x432.jpg\" \/>                 \n                    <h3>Midlertidigt m\u00f8dested skaber nye muligheder for julehygge og aktiviteter i \u00d8restad Syd<\/h3>\n                    <p>6. december 2024<\/p>\n                     S\u00f8ndag den 1. december indviede By &amp; Havn sammen med \u00d8restad Bibliotek og \u00d8restad Syd Borgerforening et nyt midlertidigt byrum&#8230;\n                 <a href=\"https:\/\/byoghavn.dk\/midlertidigt-moedested-skaber-nye-muligheder-for-julehygge-og-aktiviteter-i-oerestad-syd\/\"><\/a>\n                 <img decoding=\"async\" src=\"https:\/\/byoghavn.dk\/orestad\/wp-content\/uploads\/2024\/12\/IMG_1820-768x400.jpg\" \/>                 \n                    <h3>Nyt udsigtst\u00e5rn p\u00e5 kanten af \u00d8restad giver k\u00f8benhavnerne lettere adgang til Naturpark Amager<\/h3>\n                    <p>4. december 2024<\/p>\n                     Tirsdag aften blev Naturpark Amagers udsigtst\u00e5rn ved Asger Jorns All\u00e9 i \u00d8restad Syd indviet med taler, lys i m\u00f8rket, f\u00e6llessang,&#8230;\n                 <a href=\"https:\/\/byoghavn.dk\/nyt-udsigtstaarn-paa-kanten-af-oerestad-giver-koebenhavnerne-lettere-adgang-til-naturpark-amager\/\"><\/a>\n                 <img decoding=\"async\" src=\"https:\/\/byoghavn.dk\/orestad\/wp-content\/uploads\/2019\/04\/Byens-Scene_3-byrum_1920x1080-768x432.jpg\" \/>                 \n                    <h3>Tre vision\u00e6re teams g\u00e5r videre i stor kunst- og arkitekturkonkurrence i \u00d8restad<\/h3>\n                    <p>2. december 2024<\/p>\n                     Siden september har fem h\u00f8jkompetente, danske og internationale teams best\u00e5ende af kunstnere og arkitekter arbejdet p\u00e5 h\u00f8jtryk for at udvikle&#8230;\n                 <a href=\"https:\/\/byoghavn.dk\/tre-visionaere-teams-gaar-videre-i-stor-kunst-og-arkitekturkonkurrence-i-oerestad\/\"><\/a>\n                 <img decoding=\"async\" src=\"https:\/\/byoghavn.dk\/orestad\/wp-content\/uploads\/2024\/11\/Oerestad_1850x1041-1-768x432.jpg\" \/>                 \n                    <h3>Kom med til indvielse af Naturpark Amagers nye udsigtst\u00e5rn<\/h3>\n                    <p>29. november 2024<\/p>\n                     Vi har ventet l\u00e6nge p\u00e5 at kunne tage t\u00e5rnet i brug, men nu kan vi officielt \u00e5bne de nye faciliteter&#8230;\n                 <a href=\"https:\/\/byoghavn.dk\/kom-med-til-indvielse-af-naturpark-amagers-nye-udsigtstaarn\/\"><\/a>\n                 <img decoding=\"async\" src=\"https:\/\/byoghavn.dk\/orestad\/wp-content\/uploads\/2024\/11\/FB_event_Julehygge_AJA_uden_tekst_2268x1187-768x402.jpg\" \/>                 \n                    <h3>Julehygge p\u00e5 Asger Jorns All\u00e9<\/h3>\n                    <p>15. november 2024<\/p>\n                     Kom til indvielse af et nyt midlertidige byrum p\u00e5 Asger Jorns All\u00e9. Den f\u00f8rste s\u00f8ndag i advent inviterer By &amp;&#8230;\n                 <a href=\"https:\/\/byoghavn.dk\/julehygge-paa-asger-jorns-alle\/\"><\/a>\n                 <img decoding=\"async\" src=\"https:\/\/byoghavn.dk\/orestad\/wp-content\/uploads\/2024\/11\/Website-16x9-1-768x432.jpg\" \/>                 \n                    <h3>Ny kampagne skal f\u00e5 flere til at opdage \u00d8restad<\/h3>\n                    <p>11. november 2024<\/p>\n                     \u00d8restad er blevet 20 \u00e5r og 27.500 \u00d8restadsbeboere kan nu kalde bykvarteret for deres hjem. I dag lancerer By &amp;&#8230;\n                 <a href=\"https:\/\/byoghavn.dk\/ny-kampagne-skal-faa-flere-til-at-opdage-oerestad\/\"><\/a>\n                 <img decoding=\"async\" src=\"https:\/\/byoghavn.dk\/orestad\/wp-content\/uploads\/2024\/10\/Udstilling2_1920x1080-768x432.jpg\" \/>                 \n                    <h3>M\u00f8d \u00d8restad rundt omkring i K\u00f8benhavn<\/h3>\n                    <p>16. oktober 2024<\/p>\n                     1.102 billeder! S\u00e5 mange fotos blev der indsendt til sommerens fotokonkurrence This is \u00d8restad. Nu kan du se de bedste&#8230;\n                 <a href=\"https:\/\/byoghavn.dk\/moed-oerestad-rundt-omkring-i-koebenhavn\/\"><\/a>\n                 <img decoding=\"async\" src=\"https:\/\/byoghavn.dk\/orestad\/wp-content\/uploads\/2019\/04\/asgerkorsgaard_1920x1280-768x512.jpg\" \/>                 \n                    <h3>Vinderne af sommerens fotokonkurrence er fundet<\/h3>\n                    <p>18. september 2024<\/p>\n                     Fotokonkurrencen This is \u00d8restad er en fejring af, at det i \u00e5r er 20 \u00e5r siden, de f\u00f8rste beboere flyttede&#8230;\n                 <a href=\"https:\/\/byoghavn.dk\/vinderne-af-sommerens-fotokonkurrence-er-fundet\/\"><\/a>\n                 <img decoding=\"async\" src=\"https:\/\/byoghavn.dk\/orestad\/wp-content\/uploads\/2019\/04\/processed-77A543B7-AE2B-4C68-A801-C34964331590-e1726489903609-768x433.jpeg\" \/>                 \n                    <h3>By &amp; Havn vil reducere CO2-forbruget fra arbejdsmaskiner<\/h3>\n                    <p>16. september 2024<\/p>\n                     By &amp; Havn har i dag underskrevet en hensigtserkl\u00e6ring med CO-PI (Center for Offentlig-Privat Innovation) om omstilling til emissionsfrie arbejdsmaskiner&#8230;\n                 <a href=\"https:\/\/byoghavn.dk\/by-havn-vil-reducere-co2-forbruget-fra-arbejdsmaskiner\/\"><\/a>\n                 <img decoding=\"async\" src=\"https:\/\/byoghavn.dk\/orestad\/wp-content\/uploads\/2019\/04\/2324_TEC_i_Gaardrum_version2_1920x1358-768x543.jpg\" \/>                 \n                    <h3>TEC \u00f8nsker at flytte til ny campus i \u00d8restad<\/h3>\n                    <p>10. september 2024<\/p>\n                     TEC afs\u00f8ger lige nu muligheden for at flytte fra skolens adresse p\u00e5 Frederiksberg til en ny campus. Dr\u00f8mmen er at&#8230;\n                 <a href=\"https:\/\/byoghavn.dk\/tec-oensker-at-flytte-til-ny-campus-i-oerestad\/\"><\/a>\n                 <img decoding=\"async\" src=\"https:\/\/byoghavn.dk\/orestad\/wp-content\/uploads\/2019\/04\/Wafande-pressefoto_1920x1080-768x432.jpg\" \/>                 \n                    <h3>H\u00f8r musik Under \u00c5ben Himmel, deltag i banko og ander\u00e6s eller tag med p\u00e5 overnatning i naturen<\/h3>\n                    <p>6. september 2024<\/p>\n                     September bliver en travl m\u00e5ned i \u00d8restad med masser af aktiviteter for b\u00e5de store og sm\u00e5. Kom med til endagsfestivalen&#8230;\n                 <a href=\"https:\/\/byoghavn.dk\/hoer-musik-under-aaben-himmel-deltag-i-banko-og-anderaes-eller-tag-med-paa-overnatning-i-naturen\/\"><\/a>\n                 <img decoding=\"async\" src=\"https:\/\/byoghavn.dk\/orestad\/wp-content\/uploads\/2019\/04\/Pandekage_1920x1080-768x432.jpg\" \/>                 \n                    <h3>Bag pandekager over b\u00e5l og se din bydel i et nyt litter\u00e6rt lys<\/h3>\n                    <p>29. august 2024<\/p>\n                     Efter\u00e5ret i \u00d8restad Syd byder p\u00e5 en masse aktiviteter for b\u00f8rn og voksne i alle aldre.\u00a0 Allerede p\u00e5 s\u00f8ndag kan&#8230;\n                 <a href=\"https:\/\/byoghavn.dk\/bag-pandekager-over-baal-og-se-din-bydel-i-et-nyt-litteraert-lys\/\"><\/a>\n                 <img decoding=\"async\" src=\"https:\/\/byoghavn.dk\/orestad\/wp-content\/uploads\/2024\/08\/Fotosafari_collage_1920x1080_vs2-768x432.jpg\" \/>                 \n                    <h3>Sidste chance for at v\u00e6re med i fotokonkurrencen This is \u00d8restad<\/h3>\n                    <p>24. august 2024<\/p>\n                     Du kan stadig n\u00e5 at v\u00e6re med i fotokonkurrencen This is \u00d8restad, som er \u00e5ben til og med torsdag den&#8230;\n                 <a href=\"https:\/\/byoghavn.dk\/sidste-chance-for-at-vaere-med-i-fotokonkurrencen-this-is-oerestad\/\"><\/a>\n                 <img decoding=\"async\" src=\"https:\/\/byoghavn.dk\/orestad\/wp-content\/uploads\/2019\/04\/Christian_web-768x432.jpg\" \/>                 \n                    <h3>Sommer med fotosafari i \u00d8restad<\/h3>\n                    <p>15. juli 2024<\/p>\n                     Tag p\u00e5 tur i \u00d8restad og deltag i fotokonkurrencen This is \u00d8restad. Konkurrencen er \u00e5ben for alle til og med&#8230;\n                 <a href=\"https:\/\/byoghavn.dk\/sommer-med-fotosafari-i-oerestad\/\"><\/a>\n                 <img decoding=\"async\" src=\"https:\/\/byoghavn.dk\/orestad\/wp-content\/uploads\/2024\/07\/Syd_foraar_1920x1080-768x432.jpg\" \/>                 \n                    <h3>Tag p\u00e5 fotosafari med professionelle fotografer, deltag i fotokonkurrence og vind l\u00e6kre pr\u00e6mier<\/h3>\n                    <p>2. juli 2024<\/p>\n                     I \u00e5r er det 20 \u00e5r siden, de f\u00f8rste beboere flyttede ind i \u00d8restad. Det fejrer vi blandt andet med&#8230;\n                 <a href=\"https:\/\/byoghavn.dk\/tag-paa-fotosafari-med-professionelle-fotografer-deltag-i-fotokonkurrence-og-vind-laekre-praemier\/\"><\/a>\n                        \n            \n            \n            \n    <a>Se flere<\/a>            \n\n","protected":false},"excerpt":{"rendered":"<p>Den gule plads p\u00e5 Asger Jorns All\u00e9\u00a0Bag streetfoodvogne p\u00e5 Asger Jorns All\u00e9 indretter By &amp; Havn et midlertidigt byrum, som&#8230;<\/p>\n","protected":false},"author":4,"featured_media":1088,"parent":0,"menu_order":0,"comment_status":"closed","ping_status":"closed","template":"","meta":{"footnotes":""},"wf_page_folders":[],"class_list":["post-389","page","type-page","status-publish","has-post-thumbnail","hentry"],"acf":[],"yoast_head":"<!-- This site is optimized with the Yoast SEO Premium plugin v15.6.2 - https:\/\/yoast.com\/wordpress\/plugins\/seo\/ -->\n<title>\u00d8restad Syd - \u00d8restad<\/title>\n<meta name=\"robots\" content=\"index, follow, max-snippet:-1, max-image-preview:large, max-video-preview:-1\" \/>\n<link rel=\"canonical\" href=\"https:\/\/byoghavn.dk\/orestad\/orestadsyd\/\" \/>\n<meta property=\"og:locale\" content=\"da_DK\" \/>\n<meta property=\"og:type\" content=\"article\" \/>\n<meta property=\"og:title\" content=\"\u00d8restad Syd - \u00d8restad\" \/>\n<meta property=\"og:description\" content=\"Den gule plads p\u00e5 Asger Jorns All\u00e9\u00a0Bag streetfoodvogne p\u00e5 Asger Jorns All\u00e9 indretter By &amp; Havn et midlertidigt byrum, som...\" \/>\n<meta property=\"og:url\" content=\"https:\/\/byoghavn.dk\/orestad\/orestadsyd\/\" \/>\n<meta property=\"og:site_name\" content=\"\u00d8restad\" \/>\n<meta property=\"article:modified_time\" content=\"2025-02-12T11:12:58+00:00\" \/>\n<meta property=\"og:image\" content=\"https:\/\/byoghavn.dk\/orestad\/wp-content\/uploads\/sites\/3\/2025\/02\/Asger-Jorns-Alle27_1920x1080.jpg\" \/>\n\t<meta property=\"og:image:width\" content=\"1920\" \/>\n\t<meta property=\"og:image:height\" content=\"1080\" \/>\n<meta name=\"twitter:card\" content=\"summary_large_image\" \/>\n<meta name=\"twitter:label1\" content=\"Estimeret l\u00e6setid\">\n\t<meta name=\"twitter:data1\" content=\"9 minutter\">\n<script type=\"application\/ld+json\" class=\"yoast-schema-graph\">{\"@context\":\"https:\/\/schema.org\",\"@graph\":[{\"@type\":\"WebSite\",\"@id\":\"https:\/\/byoghavn.dk\/orestad\/#website\",\"url\":\"https:\/\/byoghavn.dk\/orestad\/\",\"name\":\"\\u00d8restad\",\"description\":\"\\u00d8restad\",\"potentialAction\":[{\"@type\":\"SearchAction\",\"target\":\"https:\/\/byoghavn.dk\/orestad\/?s={search_term_string}\",\"query-input\":\"required name=search_term_string\"}],\"inLanguage\":\"da-DK\"},{\"@type\":\"ImageObject\",\"@id\":\"https:\/\/byoghavn.dk\/orestad\/orestadsyd\/#primaryimage\",\"inLanguage\":\"da-DK\",\"url\":\"https:\/\/byoghavn.dk\/orestad\/wp-content\/uploads\/sites\/3\/2025\/02\/Asger-Jorns-Alle27_1920x1080.jpg\",\"width\":1920,\"height\":1080},{\"@type\":\"WebPage\",\"@id\":\"https:\/\/byoghavn.dk\/orestad\/orestadsyd\/#webpage\",\"url\":\"https:\/\/byoghavn.dk\/orestad\/orestadsyd\/\",\"name\":\"\\u00d8restad Syd - \\u00d8restad\",\"isPartOf\":{\"@id\":\"https:\/\/byoghavn.dk\/orestad\/#website\"},\"primaryImageOfPage\":{\"@id\":\"https:\/\/byoghavn.dk\/orestad\/orestadsyd\/#primaryimage\"},\"datePublished\":\"2021-11-03T10:03:47+00:00\",\"dateModified\":\"2025-02-12T11:12:58+00:00\",\"inLanguage\":\"da-DK\",\"potentialAction\":[{\"@type\":\"ReadAction\",\"target\":[\"https:\/\/byoghavn.dk\/orestad\/orestadsyd\/\"]}]}]}<\/script>\n<!-- \/ Yoast SEO Premium plugin. -->","_links":{"self":[{"href":"https:\/\/byoghavn.dk\/orestad\/wp-json\/wp\/v2\/pages\/389","targetHints":{"allow":["GET"]}}],"collection":[{"href":"https:\/\/byoghavn.dk\/orestad\/wp-json\/wp\/v2\/pages"}],"about":[{"href":"https:\/\/byoghavn.dk\/orestad\/wp-json\/wp\/v2\/types\/page"}],"author":[{"embeddable":true,"href":"https:\/\/byoghavn.dk\/orestad\/wp-json\/wp\/v2\/users\/4"}],"replies":[{"embeddable":true,"href":"https:\/\/byoghavn.dk\/orestad\/wp-json\/wp\/v2\/comments?post=389"}],"version-history":[{"count":47,"href":"https:\/\/byoghavn.dk\/orestad\/wp-json\/wp\/v2\/pages\/389\/revisions"}],"predecessor-version":[{"id":1102,"href":"https:\/\/byoghavn.dk\/orestad\/wp-json\/wp\/v2\/pages\/389\/revisions\/1102"}],"wp:featuredmedia":[{"embeddable":true,"href":"https:\/\/byoghavn.dk\/orestad\/wp-json\/wp\/v2\/media\/1088"}],"wp:attachment":[{"href":"https:\/\/byoghavn.dk\/orestad\/wp-json\/wp\/v2\/media?parent=389"}],"wp:term":[{"taxonomy":"wf_page_folders","embeddable":true,"href":"https:\/\/byoghavn.dk\/orestad\/wp-json\/wp\/v2\/wf_page_folders?post=389"}],"curies":[{"name":"wp","href":"https:\/\/api.w.org\/{rel}","templated":true}]}}