{"id":778,"date":"2021-02-13T10:18:51","date_gmt":"2021-02-13T09:18:51","guid":{"rendered":"https:\/\/byoghavn.dk\/nordhavn\/?page_id=778"},"modified":"2021-02-18T08:30:21","modified_gmt":"2021-02-18T07:30:21","slug":"velkommen-til-nordhavnstippen","status":"publish","type":"page","link":"https:\/\/byoghavn.dk\/nordhavn\/velkommen-til-nordhavnstippen\/","title":{"rendered":"Velkommen til Nordhavnstippen"},"content":{"rendered":"\n<style>\n    #hero-3.statisk {\n            padding-top: 0px\n    }\n    @media (max-width: 1200px) {\n #hero-3.bredformat {\n                min-height: 70vw;\n                height: 70vw;\n        }\n        #hero-3 {\n                margin-top: 0;\n        }\n    }\n<\/style>\n<header id=\"hero-3\">\n    <h1>Velkommen til Nordhavnstippen<\/h1>\n<\/header>\n<img decoding=\"async\" src=\"https:\/\/byoghavn.dk\/nordhavn\/wp-content\/themes\/BOH\/images\/footer-gray-triangle.svg\" alt=\"\">\n<style>\nbody .boh-RTF {\n    max-width: 100%!important;\n}\n@media only screen and (max-width: 800px) {\n    .boh-RTF {padding: 30px;} \n}    \n<\/style>\n        <h2>Kort f\u00f8r vinterferien 2021 gjorde By &amp; Havn adgangen til et nyt omr\u00e5de endnu nemmere for offentligheden. By &amp; Havn har sat en port i hegnet til et nyt gr\u00f8nt omr\u00e5de i Ydre Nordhavn, hvor man kan opleve s\u00f8er og et rigt naturliv.<\/h2>    \n\t<iframe loading=\"lazy\" title=\"Vinter p&amp;aring; Nordhavnstippen\" width=\"640\" height=\"360\" frameborder=\"0\" allow=\"autoplay; fullscreen; picture-in-picture\" allowfullscreen data-cookieblock-src=\"https:\/\/player.vimeo.com\/video\/511906893?dnt=1&amp;app_id=122963\" data-cookieconsent=\"marketing\"><\/iframe>\n<style>\nbody .boh-RTF {\n    max-width: 100%!important;\n}\n@media only screen and (max-width: 800px) {\n    .boh-RTF {padding: 30px;} \n}    \n<\/style>\n        <p>Det er ikke l\u00e6nge siden, at By &amp; Havn forl\u00e6ngede den offentlige adgang til den <a href=\"https:\/\/byoghavn.dk\/provestenensyd\/\">sydlige del af Pr\u00f8vestenen<\/a>, som har v\u00e6ret en overv\u00e6ldende succes under Corona-epidemien. Her har mange k\u00f8benhavnere haft mulighed for at stifte bekendtskab med en r\u00e6kke af de mere ukendte naturomr\u00e5der i byen. Og den succes kommer nu Nordhavn til gode.Omr\u00e5det, der er kaldt Nordhavnstippen, er en gr\u00f8n perle for naturinteresserede, og By &amp; Havn h\u00e5ber, at der med den nye l\u00e5ge ved Nords\u00f8vej og nemmere adgang til omr\u00e5det vil blive en lige s\u00e5 stor succes, som ved Pr\u00f8vestenen Syd.Adm. Direkt\u00f8r i By &amp; Havn, Anne Skovbro er glad for, at Nordhavns gr\u00f8nne omr\u00e5der er p\u00e5 vej.\u201d<strong><em>Vi m\u00e6rker en stor interesse fra k\u00f8benhavnerne i at f\u00e5 adgang til nye gr\u00f8nne omr\u00e5der i byen. Og derfor er vi selvf\u00f8lgelig glade for, at vi nu kan tilbyde et natursk\u00f8nt omr\u00e5de til de mange mennesker, der har lyst til at tage p\u00e5 tur og opleve b\u00e5de den b\u00e6redygtige byudvikling i Nordhavn, den nye metro og ikke mindst stifte bekendtskab med den fantastiske natur, der er i omr\u00e5det t\u00e6t p\u00e5 \u00d8resund. Med tiden kommer der endnu flere gr\u00f8nne parker i omr\u00e5det, s\u00e5 dette er kun begyndelsen.<\/em><\/strong>\u201c<\/p><h3>Find vej til Nordhavnstippen:<\/h3>    \n\t<iframe src=\"https:\/\/www.google.com\/maps\/embed\/v1\/place?key=AIzaSyD09zQ9PNDNNy9TadMuzRV_UsPUoWKntt8&amp;q=nords%C3%B8vej+8%2C+2100+k%C3%B8benhavn\"><\/iframe>\n\t\t\t\t<img loading=\"lazy\" decoding=\"async\" src=\"https:\/\/byoghavn.dk\/nordhavn\/wp-content\/uploads\/sites\/2\/2021\/02\/IMAG0421.jpg\" alt=\"IMAG0421\" itemprop=\"image\" height=\"1080\" width=\"1920\" title=\"IMAG0421\" onerror=\"this.style.display='none'\">\n<style>\nbody .boh-RTF {\n    max-width: 100%!important;\n}\n@media only screen and (max-width: 800px) {\n    .boh-RTF {padding: 30px;} \n}    \n<\/style>\n        <p>Det har l\u00e6nge v\u00e6ret et \u00f8nske fra By &amp; Havns samarbejdspartnere og en r\u00e6kke organisationer at \u00e5bne op for Nordhavnstippen. Og derfor vil der i l\u00f8bet af for\u00e5ret blive afholdt et m\u00f8de, hvor forskellige organisationer kan komme med input til midlertidige tiltag, der kan eksekveres p\u00e5 omr\u00e5det, som bidrager til en formidling af den s\u00e6regne natur og underst\u00f8tter det s\u00e6rlige milj\u00f8 i omr\u00e5det.By &amp; Havn arbejder samtidig p\u00e5 at skabe bedre adgangsforhold til ydre Nordhavn, herunder Tunnelfabrikken og Nordhavnstippen, og den kommende naturpark i Ydre Nordhavn. Der etableres i begyndelsen af 2021 en midlertidig cykelsti, der forbinder Indre Nordhavn med Ydre Nordhavn, og g\u00f8r det mere sikkert at bev\u00e6ge sig i omr\u00e5det og komme frem til den nye park p\u00e5 g\u00e5ben og cykel.<\/p><h3>Fakta om Nordhavnstippen<\/h3><ul><li>Nordhavnstippen er ca. 8 ha. Og er et opfyldningsomr\u00e5de, der er pr\u00e6get af det materiale det l\u00f8bende er blevet opfyldt med. Mange steder er der fx rester af armeringsjern og betonaffald.<\/li><li>Der er sat en ny l\u00e5ge i hegnet, s\u00e5 man kan tilg\u00e5 arealet fra Nords\u00f8vej, opstillet affaldsspande, cykelstativer og informationsskilte. Derudover kan naturarealet tilg\u00e5s fra Hjertestien for enden af Kattegatvej.<\/li><li>Nordhavnstippen best\u00e5r b.la. to \u00a73 bevaringsv\u00e6rdige brakvandss\u00f8er (grundet den gr\u00f8nbrogede tudse), krat, gr\u00e6s, tr\u00e6er og buske. Dele af arealet afgr\u00e6sses af f\u00e5r, som varetages af KMC Nordhavn.<\/li><li>Nordhavnstippen vil blive t\u00e6nkt sammen med etableringen af Naturpark Nordhavn, der kommer til at ligge nord for arealet.<\/li><li>Ambitionen er at skabe en direkte forbindelseslinje mellem Nordhavnstippen og Tunnelfabrikkens gr\u00f8nne arealer, uden at skulle rundt om Kattegatvej. Dvs. binde de gr\u00f8nne omr\u00e5der i Ydre Nordhavn sammen.<\/li><li>Der holder mange forskellige tr\u00e6kfugle og insekter til i omr\u00e5det.<\/li><\/ul>    \n\t\t\t\t<img decoding=\"async\" src=\"https:\/\/byoghavn.dk\/nordhavn\/wp-content\/plugins\/bb-plugin\/img\/pixel.png\" alt=\"\" itemprop=\"image\" onerror=\"this.style.display='none'\">\n\t\t\t\t<a href=\"https:\/\/byoghavn.dk\/nordhavn\/wp-content\/uploads\/sites\/2\/2021\/02\/Nordhavnstippen_Skilt-u_markering-scaled.jpg\" target=\"_self\" itemprop=\"url\" rel=\"noopener\">\n\t\t\t\t<img loading=\"lazy\" decoding=\"async\" src=\"https:\/\/byoghavn.dk\/nordhavn\/wp-content\/uploads\/sites\/2\/2021\/02\/Nordhavnstippen_Skilt-u_markering-scaled.jpg\" alt=\"Nordhavnstippen_Skilt-u_markering\" itemprop=\"image\" height=\"2560\" width=\"1812\" title=\"Nordhavnstippen_Skilt-u_markering\" onerror=\"this.style.display='none'\">\n\t\t\t\t<\/a>\n\n","protected":false},"excerpt":{"rendered":"<p>Kort f\u00f8r vinterferien 2021 gjorde By &amp; Havn adgangen til et nyt omr\u00e5de endnu nemmere for offentligheden. By &amp; Havn&#8230;<\/p>\n","protected":false},"author":4,"featured_media":781,"parent":0,"menu_order":0,"comment_status":"closed","ping_status":"closed","template":"","meta":{"footnotes":""},"wf_page_folders":[],"class_list":["post-778","page","type-page","status-publish","has-post-thumbnail","hentry"],"acf":[],"yoast_head":"<!-- This site is optimized with the Yoast SEO Premium plugin v15.6.2 - https:\/\/yoast.com\/wordpress\/plugins\/seo\/ -->\n<title>Velkommen til Nordhavnstippen - Nordhavn<\/title>\n<meta name=\"robots\" content=\"index, follow, max-snippet:-1, max-image-preview:large, max-video-preview:-1\" \/>\n<link rel=\"canonical\" href=\"https:\/\/byoghavn.dk\/nordhavn\/velkommen-til-nordhavnstippen\/\" \/>\n<meta property=\"og:locale\" content=\"da_DK\" \/>\n<meta property=\"og:type\" content=\"article\" \/>\n<meta property=\"og:title\" content=\"Velkommen til Nordhavnstippen - Nordhavn\" \/>\n<meta property=\"og:description\" content=\"Kort f\u00f8r vinterferien 2021 gjorde By &amp; Havn adgangen til et nyt omr\u00e5de endnu nemmere for offentligheden. By &amp; Havn...\" \/>\n<meta property=\"og:url\" content=\"https:\/\/byoghavn.dk\/nordhavn\/velkommen-til-nordhavnstippen\/\" \/>\n<meta property=\"og:site_name\" content=\"Nordhavn\" \/>\n<meta property=\"article:modified_time\" content=\"2021-02-18T07:30:21+00:00\" \/>\n<meta property=\"og:image\" content=\"https:\/\/byoghavn.dk\/nordhavn\/wp-content\/uploads\/sites\/2\/2021\/02\/Nordhavnstippen132.jpg\" \/>\n\t<meta property=\"og:image:width\" content=\"1920\" \/>\n\t<meta property=\"og:image:height\" content=\"1080\" \/>\n<meta name=\"twitter:card\" content=\"summary_large_image\" \/>\n<script type=\"application\/ld+json\" class=\"yoast-schema-graph\">{\"@context\":\"https:\/\/schema.org\",\"@graph\":[{\"@type\":\"WebSite\",\"@id\":\"https:\/\/byoghavn.dk\/nordhavn\/#website\",\"url\":\"https:\/\/byoghavn.dk\/nordhavn\/\",\"name\":\"Nordhavn\",\"description\":\"Nordhavn\",\"potentialAction\":[{\"@type\":\"SearchAction\",\"target\":\"https:\/\/byoghavn.dk\/nordhavn\/?s={search_term_string}\",\"query-input\":\"required name=search_term_string\"}],\"inLanguage\":\"da-DK\"},{\"@type\":\"ImageObject\",\"@id\":\"https:\/\/byoghavn.dk\/nordhavn\/velkommen-til-nordhavnstippen\/#primaryimage\",\"inLanguage\":\"da-DK\",\"url\":\"https:\/\/byoghavn.dk\/nordhavn\/wp-content\/uploads\/sites\/2\/2021\/02\/Nordhavnstippen132.jpg\",\"width\":1920,\"height\":1080},{\"@type\":\"WebPage\",\"@id\":\"https:\/\/byoghavn.dk\/nordhavn\/velkommen-til-nordhavnstippen\/#webpage\",\"url\":\"https:\/\/byoghavn.dk\/nordhavn\/velkommen-til-nordhavnstippen\/\",\"name\":\"Velkommen til Nordhavnstippen - Nordhavn\",\"isPartOf\":{\"@id\":\"https:\/\/byoghavn.dk\/nordhavn\/#website\"},\"primaryImageOfPage\":{\"@id\":\"https:\/\/byoghavn.dk\/nordhavn\/velkommen-til-nordhavnstippen\/#primaryimage\"},\"datePublished\":\"2021-02-13T09:18:51+00:00\",\"dateModified\":\"2021-02-18T07:30:21+00:00\",\"inLanguage\":\"da-DK\",\"potentialAction\":[{\"@type\":\"ReadAction\",\"target\":[\"https:\/\/byoghavn.dk\/nordhavn\/velkommen-til-nordhavnstippen\/\"]}]}]}<\/script>\n<!-- \/ Yoast SEO Premium plugin. -->","_links":{"self":[{"href":"https:\/\/byoghavn.dk\/nordhavn\/wp-json\/wp\/v2\/pages\/778","targetHints":{"allow":["GET"]}}],"collection":[{"href":"https:\/\/byoghavn.dk\/nordhavn\/wp-json\/wp\/v2\/pages"}],"about":[{"href":"https:\/\/byoghavn.dk\/nordhavn\/wp-json\/wp\/v2\/types\/page"}],"author":[{"embeddable":true,"href":"https:\/\/byoghavn.dk\/nordhavn\/wp-json\/wp\/v2\/users\/4"}],"replies":[{"embeddable":true,"href":"https:\/\/byoghavn.dk\/nordhavn\/wp-json\/wp\/v2\/comments?post=778"}],"version-history":[{"count":5,"href":"https:\/\/byoghavn.dk\/nordhavn\/wp-json\/wp\/v2\/pages\/778\/revisions"}],"predecessor-version":[{"id":796,"href":"https:\/\/byoghavn.dk\/nordhavn\/wp-json\/wp\/v2\/pages\/778\/revisions\/796"}],"wp:featuredmedia":[{"embeddable":true,"href":"https:\/\/byoghavn.dk\/nordhavn\/wp-json\/wp\/v2\/media\/781"}],"wp:attachment":[{"href":"https:\/\/byoghavn.dk\/nordhavn\/wp-json\/wp\/v2\/media?parent=778"}],"wp:term":[{"taxonomy":"wf_page_folders","embeddable":true,"href":"https:\/\/byoghavn.dk\/nordhavn\/wp-json\/wp\/v2\/wf_page_folders?post=778"}],"curies":[{"name":"wp","href":"https:\/\/api.w.org\/{rel}","templated":true}]}}