{"id":22,"date":"2019-03-06T08:13:44","date_gmt":"2019-03-06T07:13:44","guid":{"rendered":"http:\/\/byoghavn.dk\/nordhavnen\/?page_id=22"},"modified":"2025-02-04T16:42:17","modified_gmt":"2025-02-04T15:42:17","slug":"bo-i-nordhavnen-forside","status":"publish","type":"page","link":"https:\/\/byoghavn.dk\/nordhavn\/","title":{"rendered":"Forside"},"content":{"rendered":"\n\n                    <iframe loading=\"lazy\" width=\"640\" height=\"360\" frameborder=\"0\" webkitallowfullscreen=\"\" mozallowfullscreen=\"\" allowfullscreen=\"\" data-cookieblock-src=\"https:\/\/player.vimeo.com\/video\/375967458?background=1&amp;muted=1&amp;autoplay=1&amp;loop=1&amp;byline=0&amp;title=0\" data-cookieconsent=\"marketing\"><\/iframe>                \n        <img decoding=\"async\" src=\"https:\/\/byoghavn.dk\/nordhavn\/wp-content\/themes\/BOH\/images\/bund.svg\">\n                <h1>Nordhavn er K\u00f8benhavns nye attraktive\u00a0bydel<\/h1>\n                <h2>Bo i Nordhavn<\/h2>\n                <p>Der bor godt 4.000 mennesker i attraktive Indre Nordhavn. Se hvilke boliger, der er til salg \u2013 og har du sp\u00f8rgsm\u00e5l? \u2013 s\u00e5 sp\u00f8rg!<\/p>\n                <a href=\"\/nordhavn\/bo-i-nordhavn\/\"><\/a>\n                <p>Deltag i By &amp; Havns m\u00f8der og g\u00e5ture for naboerne<\/p>\n                <a href=\"https:\/\/byoghavn.dk\/nordhavn\/nabo\/\"><\/a>\n                    <p>Bes\u00f8g Konditaget L\u00fcders \u2013 byrum i 24 meters h\u00f8jde<\/p>\n                    <a href=\"\/nordhavn\/konditaget-luders\/\"><\/a>\n                    <img decoding=\"async\" src=\"https:\/\/byoghavn.dk\/nordhavn\/wp-content\/uploads\/sites\/2\/2019\/04\/Nordhavn284.jpg\" alt=\"\">\n                   <a href=\"\/nordhavn\/konditaget-luders\/\"><\/a>\n<style>\n.vimeo-wrapper {\n    position: relative;\n    top: 0;\n    left: 0;\n    width: 100%;\n    height: 100%;\n    z-index: -1;\n    pointer-events: none;\n    overflow: hidden;\n    min-height: calc(100vh - 38px);\n}\n.vimeo-wrapper iframe {\n    position: absolute;\n    top: 50%;\n    left: 50%;\n    transform: translate(-50%, -50%);\n    opacity: 0;\n        -webkit-transition: opacity 1s ease-in;\n    -moz-transition: opacity 1s ease-in;\n    -ms-transition: opacity 1s ease-in;\n    -o-transition: opacity 1s ease-in;\n    transition: opacity 1s ease-in;\n}\n    .vimeo-wrapper iframe.ready {\n       opacity: 1; \n    }  \n<\/style>\n<style>\n.counter .img-fluide { max-width: 60px; }\n<\/style>\n                <h2><font><\/font><font>FAKTA OM NORDHAVN<\/font><\/h2>\n                        \n                        <img decoding=\"async\" src=\"\" alt=\"\">\n                            4480\n                        <p><font><\/font><font>Beboere i Nordhavn i 2024<\/font><\/p>\n                        \n                        <img decoding=\"async\" src=\"\" alt=\"\">\n                            1449\n                        <p><font><\/font><font>Beboere i Nordhavn i 2017<\/font><\/p>\n                            \n                            <img decoding=\"async\" src=\"\" alt=\"\">\n                            234\n                        <p><font><\/font><font>Beboere i Nordhavn i 2016<\/font><\/p>\n<hr data-id=\"no-news\">\n<style>\n    #chess-box-wrap .right-box-wrap, .feature-image .right-box-wrap {\n        margin-bottom: 0!important;\n    }\n    .feature-image .row {cursor: pointer;}\n    .feature-image img {max-width: 100%; max-height: 325px;}\n    .feature-image {padding-top: 50px; padding-bottom: 50px;}\n<\/style>\n                <h2>Informationsside om trafik og anl\u00e6g<\/h2>\n                <p>F\u00f8lg med i planerne, der p\u00e5virker trafik og fremkommelighed \u2013 og tilmeld dig nyhedsagenten                 <br><br><a href=\"https:\/\/byoghavn.dk\/nordhavn\/trafik-og-anlaegsarbejde\/\">L\u00e6s mere<\/a>                <\/p>\n                <img src=\"https:\/\/byoghavn.dk\/nordhavn\/wp-content\/uploads\/sites\/2\/2022\/04\/Nordhavn_Sundmolen_20160920_TH_0279-1.jpeg\" alt=\"\" class=\"img-fluide\">            \n<hr data-id=\"no-news-end\">\n<style>\n@media (max-width: 991px) {\n    .vimeo-billede-feature {\n        position: absolute;\n        top: 0;\n        left: 0;\n        width: 100%;\n        height: 100%;\n    }\n    .billede-feature-video {\n        width: 100%;\n        padding-top: 56.25%;\n    }\n}\n.feature-image .container.no-link  .row {\n    cursor: inherit!important;\n}\n.Udvidet.feature-image:hover .container.no-link img {\n    box-shadow: none;\n    transition: none;\n}\n<\/style>\n\t\t\t\t<a href=\"http:\/\/byoghavn.dk\/nordhavn-interaktivt-kort\/\" target=\"_self\" itemprop=\"url\">\n\t\t\t\t<img decoding=\"async\" src=\"http:\/\/byoghavn.dk\/nordhavn\/wp-content\/uploads\/sites\/2\/2019\/12\/Nordhavn-kort2.png\" alt=\"Nordhavn-kort2\" itemprop=\"image\" title=\"Nordhavn-kort2\" onerror=\"this.style.display='none'\">\n\t\t\t\t<\/a>\n        <h2>Interaktivt kort over Nordhavn<\/h2><p>G\u00e5 p\u00e5 opdagelse i hvilke byggerier, der er opf\u00f8rt i Nordhavn og de \u00f8vrige bydele, By &amp; Havn udvikler. Sort\u00e9r via filtrene og find n\u00f8gletal for hver bygning<\/p><ul><li><a href=\"http:\/\/byoghavn.dk\/nordhavn-interaktivt-kort\/\">Nordhavn<\/a><\/li><li><a href=\"http:\/\/byoghavn.dk\/orestadn-interaktivt-kort\/\">\u00d8restad Nord<\/a>,\u00a0<a href=\"http:\/\/byoghavn.dk\/orestadc-interaktivt-kort\/\">\u00d8restad City<\/a> og\u00a0<a href=\"http:\/\/byoghavn.dk\/orestads-interaktivt-kort\/\">\u00d8restad Syd<\/a><\/li><\/ul>    \n\t\t\t\t<img loading=\"lazy\" decoding=\"async\" src=\"https:\/\/byoghavn.dk\/nordhavn\/wp-content\/uploads\/sites\/2\/2023\/04\/Tal-om.jpg\" alt=\"Tal om\" itemprop=\"image\" height=\"1178\" width=\"1999\" title=\"Tal om\" onerror=\"this.style.display='none'\">\n<hr data-id=\"no-news\">\n<style>\n    #chess-box-wrap .right-box-wrap, .feature-image .right-box-wrap {\n        margin-bottom: 0!important;\n    }\n    .feature-image .row {cursor: pointer;}\n    .feature-image img {max-width: 100%; max-height: 325px;}\n    .feature-image {padding-top: 50px; padding-bottom: 50px;}\n<\/style>\n                <h2>Nabom\u00f8der<\/h2>\n                <p>\u2013 for dig, der allerede bor i Nordhavn                 <br><br><a href=\"https:\/\/byoghavn.dk\/nordhavn\/nabo\/\">L\u00e6s mere<\/a>                <\/p>\n                <img src=\"https:\/\/byoghavn.dk\/nordhavn\/wp-content\/uploads\/sites\/2\/2022\/04\/Pakhusene_3_1920x1080.jpg\" alt=\"\" class=\"img-fluide\">            \n<hr data-id=\"no-news-end\">\n<style>\n@media (max-width: 991px) {\n    .vimeo-billede-feature {\n        position: absolute;\n        top: 0;\n        left: 0;\n        width: 100%;\n        height: 100%;\n    }\n    .billede-feature-video {\n        width: 100%;\n        padding-top: 56.25%;\n    }\n}\n.feature-image .container.no-link  .row {\n    cursor: inherit!important;\n}\n.Udvidet.feature-image:hover .container.no-link img {\n    box-shadow: none;\n    transition: none;\n}\n<\/style>\n<hr data-id=\"no-news\">\n<style>\n    #chess-box-wrap .right-box-wrap, .feature-image .right-box-wrap {\n        margin-bottom: 0!important;\n    }\n    .feature-image .row {cursor: pointer;}\n    .feature-image img {max-width: 100%; max-height: 325px;}\n    .feature-image {padding-top: 50px; padding-bottom: 50px;}\n<\/style>\n                <img src=\"https:\/\/byoghavn.dk\/nordhavn\/wp-content\/uploads\/sites\/2\/2019\/04\/Nordhavn222.jpg\" alt=\"\" class=\"img-fluide\">            \n                <h2>Omr\u00e5dets historie<\/h2>\n                <p>Nordhavn \u2013 f\u00f8r og nu                 <br><br><a href=\"https:\/\/byoghavn.dk\/nordhavn\/nordhavn-foer-og-nu\/\">L\u00e6s mere<\/a>                <\/p>\n<hr data-id=\"no-news-end\">\n<style>\n@media (max-width: 991px) {\n    .vimeo-billede-feature {\n        position: absolute;\n        top: 0;\n        left: 0;\n        width: 100%;\n        height: 100%;\n    }\n    .billede-feature-video {\n        width: 100%;\n        padding-top: 56.25%;\n    }\n}\n.feature-image .container.no-link  .row {\n    cursor: inherit!important;\n}\n.Udvidet.feature-image:hover .container.no-link img {\n    box-shadow: none;\n    transition: none;\n}\n<\/style>\n<hr data-id=\"no-news\">\n<style>\n    #chess-box-wrap .right-box-wrap, .feature-image .right-box-wrap {\n        margin-bottom: 0!important;\n    }\n    .feature-image .row {cursor: pointer;}\n    .feature-image img {max-width: 100%; max-height: 325px;}\n    .feature-image {padding-top: 50px; padding-bottom: 50px;}\n<\/style>\n                <h2>Ydre Nordhavn<\/h2>\n                <p>Tunnelfabrikken bliver Nordhavns store kultur driver                 <br><br><a href=\"https:\/\/byoghavn.dk\/nordhavn\/tunnelfabrikken\/\">L\u00e6s mere<\/a>                <\/p>\n                <img src=\"https:\/\/byoghavn.dk\/nordhavn\/wp-content\/uploads\/sites\/2\/2019\/04\/20180109_Tunnelfabrikken_Aerial_View_MOLD-1.jpg\" alt=\"\" class=\"img-fluide\">            \n<hr data-id=\"no-news-end\">\n<style>\n@media (max-width: 991px) {\n    .vimeo-billede-feature {\n        position: absolute;\n        top: 0;\n        left: 0;\n        width: 100%;\n        height: 100%;\n    }\n    .billede-feature-video {\n        width: 100%;\n        padding-top: 56.25%;\n    }\n}\n.feature-image .container.no-link  .row {\n    cursor: inherit!important;\n}\n.Udvidet.feature-image:hover .container.no-link img {\n    box-shadow: none;\n    transition: none;\n}\n<\/style>\n<hr data-id=\"no-news\">\n<style>\n    #chess-box-wrap .right-box-wrap, .feature-image .right-box-wrap {\n        margin-bottom: 0!important;\n    }\n    .feature-image .row {cursor: pointer;}\n    .feature-image img {max-width: 100%; max-height: 325px;}\n    .feature-image {padding-top: 50px; padding-bottom: 50px;}\n<\/style>\n                <img src=\"https:\/\/byoghavn.dk\/nordhavn\/wp-content\/uploads\/sites\/2\/2019\/04\/Nordhavn213.jpg\" alt=\"\" class=\"img-fluide\">            \n                <h2>Med havnen p\u00e5 tre sider<\/h2>\n                <p>\u00c5rhusgadekvarteret \u2013 meget mere end et sted at bo                 <br><br><a href=\"https:\/\/byoghavn.dk\/nordhavn\/aarhusgadekvarteret\/\">L\u00e6s mere<\/a>                <\/p>\n<hr data-id=\"no-news-end\">\n<style>\n@media (max-width: 991px) {\n    .vimeo-billede-feature {\n        position: absolute;\n        top: 0;\n        left: 0;\n        width: 100%;\n        height: 100%;\n    }\n    .billede-feature-video {\n        width: 100%;\n        padding-top: 56.25%;\n    }\n}\n.feature-image .container.no-link  .row {\n    cursor: inherit!important;\n}\n.Udvidet.feature-image:hover .container.no-link img {\n    box-shadow: none;\n    transition: none;\n}\n<\/style>\n\t\t\t\t<img decoding=\"async\" src=\"http:\/\/byoghavn.dk\/nordhavn\/wp-content\/uploads\/sites\/2\/2019\/04\/parkeringssiderne-ny-1024x512.jpg\" alt=\"parkeringssiderne-ny\" itemprop=\"image\" title=\"parkeringssiderne-ny\" onerror=\"this.style.display='none'\">\n        <h2>Parkering i bydelene<\/h2><p>Det skal v\u00e6re let at v\u00e6re parkeringskunde, og By &amp; Havns nye parkeringsportal giver dig muligheden for selv at bestemme, hvorn\u00e5r du vil k\u00f8be og administrere dine parkeringsprodukter. <a href=\"http:\/\/www.parkincph.dk\/\" target=\"_blank\" rel=\"noopener\">Klik for at g\u00e5 til parkeringsportalen<\/a><\/p>    \n<style>\n   .parallax-wrap .full-width-image\n    {\n        width: 100%;\n        height: 100%;\n        background-size: cover;\n        background-position: center center; \n    }\n    .parallax-small {\n\tposition: fixed;\n\ttop: 0;\n\t-webkit-transform: translate3d(0, 0, 0);\n\ttransform: translate3d(0, 0, 0);\n\t-webkit-transform-style: preserve-3d;\n\ttransform-style: preserve-3d;\n\twidth: 100%;\n\t\/* BG behaviour *\/\n\tbackground-position: center;\n\tbackground-repeat: no-repeat;\n\tbackground-size: cover;\n}\n<\/style>\n<img decoding=\"async\" src=\"https:\/\/byoghavn.dk\/nordhavn\/wp-content\/themes\/BOH\/images\/footer-gray-triangle.svg\" alt=\"\">\n<hr data-type=\"full-image\" data-bg=\"https:\/\/byoghavn.dk\/nordhavn\/wp-content\/uploads\/sites\/2\/2019\/03\/1920x1280.png\"><style>\n    #news-section img {\n    object-fit: cover;\n}\n    .small-item img {\n    height: 245px;\n}\n    #news-section .item-5 img {\n         height: 245px;\n    }\n    #news-section .item-6 img {\n         height: 365px;\n    }\n    #news-section .item-2 img, \n    #news-section .item-3 img {\n        height: 160px;\n    }   \n    .news-item-wrap .title-wrap {\n    word-break: break-word;\n}\n.klassisk {\n    display: grid;\n    overflow: hidden;\n    grid-template-columns: repeat(3, 1fr);\n    grid-auto-rows: 1fr;\n    grid-column-gap: 15px;\n    grid-row-gap: 15px;\n}\n.klassisk-4 {\n    display: grid;\n    overflow: hidden;\n    grid-template-columns: repeat(4, 1fr);\n    grid-auto-rows: 1fr;\n    grid-column-gap: 15px;\n    grid-row-gap: 15px;\n}\nbody .klassisk .element-item {\n    position: relative;\n    float: left;\n    width: 100%;\n    height: auto;\n    background: #fff;\n}\nbody .klassisk-4 .element-item {\n    position: relative;\n    float: left;\n    width: 100%;\n    height: auto;\n    background: #fff;\n}\n.klassisk .grid-item-content {padding:20px;}\n.klassisk h3.headline { margin-top:0;}\n.klassisk-4 .grid-item-content {padding:20px;}\n.klassisk-4 h3.headline { margin-top:0;}\n@media only screen and (max-width: 900px) {\n    .klassisk, .klassisk-4  {\n    grid-template-columns: repeat(2, 1fr);\n}\n}\n@media only screen and (max-width: 650px) {\n    .klassis, .klassisk-4 {\n    grid-template-columns: repeat(1, 1fr);\n}\n}\n<\/style>\n   <img decoding=\"async\" src=\"https:\/\/byoghavn.dk\/nordhavn\/wp-content\/themes\/BOH\/images\/footer-gray-triangle.svg\" alt=\"\" style=\"    top: 0;\n    position: relative!important;\n    background: white;\">\n                 <h2>Nyheder fra Nordhavn<\/h2>\n                          <img decoding=\"async\" src=\"https:\/\/byoghavn.dk\/nordhavn\/wp-content\/uploads\/2025\/01\/Tegnebraet-1-768x426.jpg\"> \n                    <h3>Nyt erhvervsbyggeri p\u00e5 vej p\u00e5 Tr\u00e6lastholmen<\/h3>\n                    <p>31. januar 2025<\/p>\n                    By &amp; havn har solgt 13.700 etagemeter byggeret til et nyt og nyskabende kontorbyggeri p\u00e5 Tr\u00e6lastholmen. MT H\u00f8jgaard Property Development\u2026\n                 <a href=\"https:\/\/byoghavn.dk\/nyt-erhvervsbyggeri-paa-vej-paa-traelastholmen\/\"><\/a>\n                          <img decoding=\"async\" src=\"https:\/\/byoghavn.dk\/nordhavn\/wp-content\/uploads\/2019\/04\/tiny2-e1738139240761-768x433.jpg\"> \n                    <h3>Danmarks f\u00f8rste Tiny Church er p\u00e5 vej i Nordhavn<\/h3>\n                    <p>29. januar 2025<\/p>\n                    P\u00e5 en grund p\u00e5 Ydre Nordhavn, ikke langt fra Fiskerihavnen, er Nordhavns f\u00f8rste kirke ved at blive opf\u00f8rt. Fundamentet er\u2026\n                 <a href=\"https:\/\/byoghavn.dk\/danmarks-foerste-tiny-church-er-paa-vej-i-nordhavn\/\"><\/a>\n                          <img decoding=\"async\" src=\"https:\/\/byoghavn.dk\/nordhavn\/wp-content\/uploads\/2019\/04\/Arbejdsomraade-Pakhus-48-768x432.jpg\"> \n                    <h3>Ny trampe og underjordiske affaldscontainere: Hvad betyder byggearbejdet for Sundmolen og \u00c5rhusgadekvarteret?<\/h3>\n                    <p>6. januar 2025<\/p>\n                    Det lidt s\u00e6rpr\u00e6gede ord \u201ctrampe\u201d f\u00e5r m\u00e5ske nogle til at tr\u00e6kke p\u00e5 smileb\u00e5ndet, men det er et etableret fagudtryk for\u2026\n                 <a href=\"https:\/\/byoghavn.dk\/ny-trampe-og-underjordiske-affaldscontainere-hvad-betyder-byggearbejdet-for-sundmolen-og-aarhusgadekvarteret\/\"><\/a>\n                          <img decoding=\"async\" src=\"https:\/\/byoghavn.dk\/nordhavn\/wp-content\/uploads\/2024\/12\/20231213_Svoemmende-Luciaoptog_123-e1734004510617-768x433.jpg\"> \n                    <h3>K\u00f8benhavnerne er vilde med det kolde gys \u2013 ogs\u00e5 p\u00e5 Luciadag<\/h3>\n                    <p>12. december 2024<\/p>\n                    Flere og flere k\u00f8benhavnere trodser vinterm\u00e5nedernes lave temperaturer og bidende vind og springer en tur i det kolde havnevand. Hovedstadens\u2026\n                 <a href=\"https:\/\/byoghavn.dk\/koebenhavnerne-er-vilde-med-det-kolde-gys-ogsaa-paa-luciadag\/\"><\/a>\n                          <img decoding=\"async\" src=\"https:\/\/byoghavn.dk\/nordhavn\/wp-content\/uploads\/2024\/12\/IMG_4606-e1733917613660-768x433.jpg\"> \n                    <h3>Pakhus 47 vinder \u00c5rets Byggeri 2024 i kategorien Erhverv<\/h3>\n                    <p>11. december 2024<\/p>\n                    By &amp; Havn vinder \u00c5rets Byggeri 2024 for istands\u00e6ttelsen af Pakhus 47 p\u00e5 Sundmolen. Pakhus 47 er et af fire\u2026\n                 <a href=\"https:\/\/byoghavn.dk\/pakhus-47-vinder-aarets-byggeri-2024-i-kategorien-erhverv\/\"><\/a>\n                          <img decoding=\"async\" src=\"https:\/\/byoghavn.dk\/nordhavn\/wp-content\/uploads\/2024\/04\/Naturpark-dagen281-1-768x432.jpg\"> \n                    <h3>Fem teams er pr\u00e6kvalificeret til arkitektkonkurrencen om ny naturpark i Nordhavn<\/h3>\n                    <p>29. november 2024<\/p>\n                    De fem teams, der skal deltage i den arkitektkonkurrence, der skal udg\u00f8re grundlaget for den kommende park i Nordhavn, er\u2026\n                 <a href=\"https:\/\/byoghavn.dk\/fem-teams-er-praekvalificeret-til-arkitektkonkurrencen-om-ny-naturpark-i-nordhavn\/\"><\/a>\n                <a href=\"https:\/\/byoghavn.dk\/nyheder\/\">\n                    Se alle nyheder                <\/a>\n    <img decoding=\"async\" src=\"https:\/\/byoghavn.dk\/nordhavn\/wp-content\/themes\/BOH\/images\/footer-gray-triangle.svg\" alt=\"\">\n            <style>\n   .parallax-wrap .full-width-image\n    {\n        width: 100%;\n        height: 100%;\n        background-size: cover;\n        background-position: center center; \n    }\n    .parallax-small {\n\tposition: fixed;\n\ttop: 0;\n\t-webkit-transform: translate3d(0, 0, 0);\n\ttransform: translate3d(0, 0, 0);\n\t-webkit-transform-style: preserve-3d;\n\ttransform-style: preserve-3d;\n\twidth: 100%;\n\t\/* BG behaviour *\/\n\tbackground-position: center;\n\tbackground-repeat: no-repeat;\n\tbackground-size: cover;\n}\n<\/style>\n<hr data-type=\"full-image\" data-bg=\"https:\/\/byoghavn.dk\/nordhavn\/wp-content\/uploads\/sites\/2\/2018\/12\/wuxga.png\">\n","protected":false},"excerpt":{"rendered":"<p>Bo i Nordhavn Der bor godt 4.000 mennesker i attraktive Indre Nordhavn. Se hvilke boliger, der er til salg \u2013&#8230;<\/p>\n","protected":false},"author":1,"featured_media":207,"parent":0,"menu_order":0,"comment_status":"closed","ping_status":"closed","template":"","meta":{"footnotes":""},"wf_page_folders":[8],"class_list":["post-22","page","type-page","status-publish","has-post-thumbnail","hentry"],"acf":[],"yoast_head":"<!-- This site is optimized with the Yoast SEO Premium plugin v15.6.2 - https:\/\/yoast.com\/wordpress\/plugins\/seo\/ -->\n<title>Forside - Nordhavn<\/title>\n<meta name=\"robots\" content=\"index, follow, max-snippet:-1, max-image-preview:large, max-video-preview:-1\" \/>\n<link rel=\"canonical\" href=\"https:\/\/byoghavn.dk\/nordhavn\/\" \/>\n<meta property=\"og:locale\" content=\"da_DK\" \/>\n<meta property=\"og:type\" content=\"article\" \/>\n<meta property=\"og:title\" content=\"Forside - Nordhavn\" \/>\n<meta property=\"og:description\" content=\"Bo i Nordhavn Der bor godt 4.000 mennesker i attraktive Indre Nordhavn. Se hvilke boliger, der er til salg \u2013...\" \/>\n<meta property=\"og:url\" content=\"https:\/\/byoghavn.dk\/nordhavn\/\" \/>\n<meta property=\"og:site_name\" content=\"Nordhavn\" \/>\n<meta property=\"article:modified_time\" content=\"2025-02-04T15:42:17+00:00\" \/>\n<meta property=\"og:image\" content=\"https:\/\/byoghavn.dk\/nordhavn\/wp-content\/uploads\/sites\/2\/2019\/04\/Nordhavn213.jpg\" \/>\n\t<meta property=\"og:image:width\" content=\"1920\" \/>\n\t<meta property=\"og:image:height\" content=\"1080\" \/>\n<meta name=\"twitter:card\" content=\"summary_large_image\" \/>\n<meta name=\"twitter:label1\" content=\"Estimeret l\u00e6setid\">\n\t<meta name=\"twitter:data1\" content=\"2 minutter\">\n<script type=\"application\/ld+json\" class=\"yoast-schema-graph\">{\"@context\":\"https:\/\/schema.org\",\"@graph\":[{\"@type\":\"WebSite\",\"@id\":\"https:\/\/byoghavn.dk\/nordhavn\/#website\",\"url\":\"https:\/\/byoghavn.dk\/nordhavn\/\",\"name\":\"Nordhavn\",\"description\":\"Nordhavn\",\"potentialAction\":[{\"@type\":\"SearchAction\",\"target\":\"https:\/\/byoghavn.dk\/nordhavn\/?s={search_term_string}\",\"query-input\":\"required name=search_term_string\"}],\"inLanguage\":\"da-DK\"},{\"@type\":\"ImageObject\",\"@id\":\"https:\/\/byoghavn.dk\/nordhavn\/#primaryimage\",\"inLanguage\":\"da-DK\",\"url\":\"https:\/\/byoghavn.dk\/nordhavn\/wp-content\/uploads\/sites\/2\/2019\/04\/Nordhavn213.jpg\",\"width\":1920,\"height\":1080},{\"@type\":\"WebPage\",\"@id\":\"https:\/\/byoghavn.dk\/nordhavn\/#webpage\",\"url\":\"https:\/\/byoghavn.dk\/nordhavn\/\",\"name\":\"Forside - Nordhavn\",\"isPartOf\":{\"@id\":\"https:\/\/byoghavn.dk\/nordhavn\/#website\"},\"primaryImageOfPage\":{\"@id\":\"https:\/\/byoghavn.dk\/nordhavn\/#primaryimage\"},\"datePublished\":\"2019-03-06T07:13:44+00:00\",\"dateModified\":\"2025-02-04T15:42:17+00:00\",\"inLanguage\":\"da-DK\",\"potentialAction\":[{\"@type\":\"ReadAction\",\"target\":[\"https:\/\/byoghavn.dk\/nordhavn\/\"]}]}]}<\/script>\n<!-- \/ Yoast SEO Premium plugin. -->","_links":{"self":[{"href":"https:\/\/byoghavn.dk\/nordhavn\/wp-json\/wp\/v2\/pages\/22","targetHints":{"allow":["GET"]}}],"collection":[{"href":"https:\/\/byoghavn.dk\/nordhavn\/wp-json\/wp\/v2\/pages"}],"about":[{"href":"https:\/\/byoghavn.dk\/nordhavn\/wp-json\/wp\/v2\/types\/page"}],"author":[{"embeddable":true,"href":"https:\/\/byoghavn.dk\/nordhavn\/wp-json\/wp\/v2\/users\/1"}],"replies":[{"embeddable":true,"href":"https:\/\/byoghavn.dk\/nordhavn\/wp-json\/wp\/v2\/comments?post=22"}],"version-history":[{"count":92,"href":"https:\/\/byoghavn.dk\/nordhavn\/wp-json\/wp\/v2\/pages\/22\/revisions"}],"predecessor-version":[{"id":1252,"href":"https:\/\/byoghavn.dk\/nordhavn\/wp-json\/wp\/v2\/pages\/22\/revisions\/1252"}],"wp:featuredmedia":[{"embeddable":true,"href":"https:\/\/byoghavn.dk\/nordhavn\/wp-json\/wp\/v2\/media\/207"}],"wp:attachment":[{"href":"https:\/\/byoghavn.dk\/nordhavn\/wp-json\/wp\/v2\/media?parent=22"}],"wp:term":[{"taxonomy":"wf_page_folders","embeddable":true,"href":"https:\/\/byoghavn.dk\/nordhavn\/wp-json\/wp\/v2\/wf_page_folders?post=22"}],"curies":[{"name":"wp","href":"https:\/\/api.w.org\/{rel}","templated":true}]}}