{"id":413,"date":"2021-12-02T08:05:53","date_gmt":"2021-12-02T08:05:53","guid":{"rendered":"https:\/\/byoghavn.dk\/lynetteholm\/?page_id=413"},"modified":"2023-10-18T17:44:32","modified_gmt":"2023-10-18T17:44:32","slug":"sejladsforhold","status":"publish","type":"page","link":"https:\/\/byoghavn.dk\/lynetteholm\/sejladsforhold\/","title":{"rendered":"Sejladsforhold"},"content":{"rendered":"\n<header id=\"hero-3\">\n           <h1><p>Sejladsforhold<\/p><\/h1>\n<\/header>\n<hr data-id=\"no-news\" \/>\n<a href=\"https:\/\/byoghavn.dk\/app\/\"><img decoding=\"async\" src=\"https:\/\/byoghavn.dk\/havnen\/wp-content\/uploads\/sites\/5\/2019\/04\/hjemmeside-dims-1.png\" \/><\/a>\n<img decoding=\"async\" src=\"https:\/\/byoghavn.dk\/lynetteholm\/wp-content\/themes\/BOH\/images\/footer-gray-triangle.svg\" alt=\"\" \/>\n<hr data-id=\"js-nonews-end\" \/>\n\t\t\t\t<img loading=\"lazy\" decoding=\"async\" src=\"https:\/\/byoghavn.dk\/lynetteholm\/wp-content\/uploads\/sites\/7\/2021\/12\/Faktaark_Sejladsforhold.png\" alt=\"Faktaark_Sejladsforhold\" height=\"1080\" width=\"1080\" title=\"Faktaark_Sejladsforhold\" \/>\n        <p>Siden er opdateret oktober 2023.<\/p>    \n        <h3>KRONL\u00d8BET OG LYNETTEL\u00d8BET<\/h3><p>Da flere sejlere skal deles om Kronl\u00f8bet, n\u00e5r Lynetteholm etableres, vil By &amp; Havn i samarbejde med S\u00f8fartsstyrelsen og havnens brugere iv\u00e6rks\u00e6tte yderligere tiltag for at sikre sejladssikkerheden. Disse tiltag er ogs\u00e5 fastlagt i Lynetteholms s\u00e5kaldte implementeringsredeg\u00f8relse, der beskriver de vilk\u00e5r og rammer, som Lynetteholm skal anl\u00e6gges indenfor.Der vil bl.a. blive etableret et signalsystem, s\u00e5 lystsejlerne varsles, n\u00e5r krydstogtskibe eller andre store skibe er p\u00e5 vej ind i Kronl\u00f8bet, og der vil blive oprettet ventepladser p\u00e5 begge sider af Kronl\u00f8bet.<\/p>    \n\t\t\t\t<a href=\"https:\/\/byoghavn.dk\/lynetteholm\/wp-content\/uploads\/sites\/7\/2021\/12\/IMG_1935-1-scaled.jpeg\" target=\"_self\" rel=\"noopener\">\n\t\t\t\t<img loading=\"lazy\" decoding=\"async\" src=\"https:\/\/byoghavn.dk\/lynetteholm\/wp-content\/uploads\/sites\/7\/2021\/12\/IMG_1935-1-scaled.jpeg\" alt=\"IMG_1935 (1)\" height=\"1920\" width=\"2560\" title=\"IMG_1935 (1)\" \/>\n\t\t\t\t<\/a>\n            \n\t\t\t\t<a href=\"https:\/\/byoghavn.dk\/lynetteholm\/wp-content\/uploads\/sites\/7\/2021\/12\/Skaermbillede-2021-12-03-kl.-13.52.13.png\" target=\"_self\" rel=\"noopener\">\n\t\t\t\t<img loading=\"lazy\" decoding=\"async\" src=\"https:\/\/byoghavn.dk\/lynetteholm\/wp-content\/uploads\/sites\/7\/2021\/12\/Skaermbillede-2021-12-03-kl.-13.52.13.png\" alt=\"Sk\u00e6rmbillede 2021-12-03 kl. 13.52.13\" height=\"1020\" width=\"1962\" title=\"Sk\u00e6rmbillede 2021-12-03 kl. 13.52.13\" \/>\n\t\t\t\t<\/a>\n        <p>By &amp; Havn har og vil fortsat l\u00f8bende holde m\u00f8der med havnens brugere og S\u00f8fartsstyrelsen om sikkerhed i havnen i forbindelse med anl\u00e6g af Lynetteholm.<h3>STR\u00d8M OG B\u00d8LGER<\/h3>Overordnet set bliver der kun meget begr\u00e6nsede \u00e6ndringer i str\u00f8m og b\u00f8lgeforhold i selve havnel\u00f8bet som f\u00f8lge af Lynetteholm. Det vurderer projektets milj\u00f8unders\u00f8gelser.I Kronl\u00f8bet vil str\u00f8mmen v\u00e6re u\u00e6ndret, men ved st\u00e6rk sydg\u00e5ende str\u00f8m, vil str\u00f8mmen blive reduceret en smule i den ydre del (ca. 0,3 meter i sekundet). Lynetteholms milj\u00f8unders\u00f8gelser viser, at der ved st\u00e6rk nordg\u00e5ende str\u00f8m vil ske en lille for\u00f8gelse i str\u00f8mmen l\u00e6ngere inde i havnen som f\u00f8lge af Lynetteholm.I Kronl\u00f8bet, der med Lynetteholm f\u00e5r form som en &#8220;tragt&#8221;, bliver b\u00f8lgerne mere rolige yderst, mens b\u00f8lgeh\u00f8jden \u00f8ges en smule inderst, hvor der er smallest mellem Nordhavn og Lynetteholm.<h3>VANDRUM VED TREKRONER<\/h3>Trekroner kommer til at ligge mellem Lynetteholm, Nordhavn og Langelinie. Afstanden mellem Nordhavn og Trekroner bliver ca. 300 meter, og der bliver skabt et beskyttet vandrum til sejlads for bl\u00f8de brugere mellem Trekroner og Lynetteholm.<h3>SEJLRENDE FOR ERHVERVSSKIBE FLYTTES<\/h3>Anl\u00e6g af Lynetteholms Fase 1-omr\u00e5de blev igangsat i januar 2022. Som f\u00f8lge af anl\u00e6gsarbejdet blev sejlrenden for containerskibe til Pr\u00f8vestenen \u00e6ndret pr. 1. april 2022. F\u00f8r anl\u00e6g af Lynetteholm sejlede containerskibene vest om Middelgrunden (vindm\u00f8llerne), siden april 2022 har de sejlet \u00f8st om Middelgrunden til Pr\u00f8vestenen, da anl\u00e6g af Lynetteholm ikke l\u00e6ngere giver mulighed for at sejle vest om.<h3>MARGRETHEHOLMS HAVN<\/h3>Som en del af anl\u00e6g af Lynetteholm er der blevet etableret en ny adgangsvej ud for indsejlingen til Margretheholms Havn, som lastbiler med jord til Lynetteholm benytter. Vejen er etableret ved hj\u00e6lp af en vejd\u00e6mning ude i vandet, og i midten af d\u00e6mningen er der etableret en klapbro. Adgangsvejen har en v\u00e6sentlig p\u00e5virkning p\u00e5 sejladsforholdene i havnen, og klapbroen har til form\u00e5l at sikre, at sejlere fra Margretheholms Havn fortsat kan sejle ind- og ud af havnen, selvom Lynetteholm anl\u00e6gges.Broen er en bemandet bro, som er \u00e5ben for gennemsejling i tidsrummet kl. 16.00 &#8211; 07.00 og igen kl. 10, 12 og 14 p\u00e5 alle hverdage. Derudover vil broen v\u00e6re \u00e5ben i alle weekender og helligdage.Klapbroen gik i drift i juni 2023.\u00a0P\u00e5 billedet nedenfor ses den nye klapbro og vejd\u00e6mning ud for Margretheholms Havn.<\/p>    \n\t\t\t\t<img loading=\"lazy\" decoding=\"async\" src=\"https:\/\/byoghavn.dk\/lynetteholm\/wp-content\/uploads\/sites\/7\/2022\/12\/klapbro.jpg\" alt=\"klapbro\" height=\"2592\" width=\"4608\" title=\"klapbro\" \/>\n        <h3>PR\u00d8VESTENSKANALEN<\/h3><p>Lynetteholms nye jordtransportvej krydser ogs\u00e5 Pr\u00f8vestenskanalen ved hj\u00e6lp af en vejd\u00e6mning ud for ind- og udsejlingen til K\u00f8benhavns Motorb\u00e5dsklub. I midten af vejd\u00e6mningen er der etableret en gennemsejlingskanal, som sikrer, at motorb\u00e5de (uden mast) og andre mindre fart\u00f8jer kan sejle under adgangsvejen d\u00f8gnet rundt. Kanalen har gennemsejlingsh\u00f8jde p\u00e5 4,5 meter og en gennemsejlingsbredde p\u00e5 6 meter.P\u00e5 billedet nedenfor ses gennemsejlingskanalen og vejd\u00e6mningen ud for ind- og udsejlingen til K\u00f8benhavns Motorb\u00e5dsklub.<\/p>    \n\t\t\t\t<img loading=\"lazy\" decoding=\"async\" src=\"https:\/\/byoghavn.dk\/lynetteholm\/wp-content\/uploads\/sites\/7\/2022\/11\/Betonelement-paa-afstand_Proevestenskanalen-.jpg\" alt=\"default\" height=\"1439\" width=\"1920\" title=\"default\" \/>\n\n    .gray-texts-box-image.grey { background: #F2F2F2; }\n\n<hr data-type=\"feature-infoboks\" \/>\n        <h3> Om Lynetteholm<\/h3>\n        <p>Den 4. juni 2021 vedtog et bredt politisk flertal i Folketinget lov om anl\u00e6g af Lynetteholm. Lynetteholm skal etableres som en halv\u00f8 mellem Refshale\u00f8en og Nordhavn med et kystlandskab ud mod \u00d8resund, der bidrager til at stormflodsikre K\u00f8benhavn fra nord. By &amp; Havn skal etablere Lynetteholms landareal ved at nyttigg\u00f8re, det vil sige genbruge, overskudsjord fra K\u00f8benhavn og omegns byggeprojekter.Forud for Folketingets beslutning om at anl\u00e6gge Lynetteholms landareal, har der v\u00e6ret udarbejdet milj\u00f8konsekvensvurderinger, der belyser, hvordan anl\u00e6g af Lynetteholm vurderes at p\u00e5virke det omkringliggende milj\u00f8. By &amp; Havn vil l\u00f8bende overv\u00e5ge anl\u00e6gsarbejdet, s\u00e5 alle milj\u00f8hensyn sikres.Forligskredsen i Folketinget har besluttet at igangs\u00e6tte en strategisk milj\u00f8vurdering (SMV) af de fremtidige planer for Lynetteholm, der endnu ikke er politisk besluttet.\u00a0<\/p>    \n<hr data-type=\"feature-infoboks-end\" \/>\n\n    .bh-modul-infoboks {\n        margin-top: 20px;\n    }\n\n\n    .gray-texts-box-image.grey { background: #F2F2F2; }\n\n<hr data-type=\"feature-infoboks\" \/>\n        <h3> Fakta om Lynetteholm<\/h3>\n        <p>By &amp; Havn er bygherre p\u00e5 etableringen af Lynetteholms landomr\u00e5de. P\u00e5 disse sider kan du l\u00e6se om forskellige temaer i arbejdet.\u00a0<\/p><ul><li><a href=\"https:\/\/byoghavn.dk\/lynetteholm\/borgerdialog\">Borgerdialog<\/a><\/li><li><a href=\"https:\/\/byoghavn.dk\/lynetteholm\/natura2000\">Natura 2000<\/a><\/li><li><a href=\"https:\/\/byoghavn.dk\/lynetteholm\/stoej\">St\u00f8j<\/a><\/li><li><a href=\"https:\/\/byoghavn.dk\/lynetteholm\/vandkvalitet\">Vandkvalitet<\/a><\/li><li><a href=\"https:\/\/byoghavn.dk\/lynetteholm\/sporgsmal-og-svar-om-jordtransport\/\">Jordtransport<\/a><\/li><li><a href=\"https:\/\/byoghavn.dk\/lynetteholm\/klapning\">Klapning og gennemstr\u00f8mning<\/a><\/li><li><a href=\"https:\/\/byoghavn.dk\/lynetteholm\/klimasikring\">Klimasikring<\/a><\/li><li><a href=\"https:\/\/byoghavn.dk\/lynetteholm\/sejladsforhold\">Sejladsforhold<\/a><\/li><\/ul>    \n<hr data-type=\"feature-infoboks-end\" \/>\n\n    .bh-modul-infoboks {\n        margin-top: 20px;\n    }\n\n","protected":false},"excerpt":{"rendered":"<p>Siden er opdateret oktober 2023. KRONL\u00d8BET OG LYNETTEL\u00d8BETDa flere sejlere skal deles om Kronl\u00f8bet, n\u00e5r Lynetteholm etableres, vil By &amp;&#8230;<\/p>\n","protected":false},"author":4,"featured_media":534,"parent":0,"menu_order":0,"comment_status":"closed","ping_status":"closed","template":"","meta":{"footnotes":""},"wf_page_folders":[11],"class_list":["post-413","page","type-page","status-publish","has-post-thumbnail","hentry"],"acf":[],"yoast_head":"<!-- This site is optimized with the Yoast SEO Premium plugin v15.6.2 - https:\/\/yoast.com\/wordpress\/plugins\/seo\/ -->\n<title>Sejladsforhold - Lynetteholm<\/title>\n<meta name=\"robots\" content=\"index, follow, max-snippet:-1, max-image-preview:large, max-video-preview:-1\" \/>\n<link rel=\"canonical\" href=\"https:\/\/byoghavn.dk\/lynetteholm\/sejladsforhold\/\" \/>\n<meta property=\"og:locale\" content=\"da_DK\" \/>\n<meta property=\"og:type\" content=\"article\" \/>\n<meta property=\"og:title\" content=\"Sejladsforhold - Lynetteholm\" \/>\n<meta property=\"og:description\" content=\"Siden er opdateret oktober 2023. KRONL\u00d8BET OG LYNETTEL\u00d8BETDa flere sejlere skal deles om Kronl\u00f8bet, n\u00e5r Lynetteholm etableres, vil By &amp;...\" \/>\n<meta property=\"og:url\" content=\"https:\/\/byoghavn.dk\/lynetteholm\/sejladsforhold\/\" \/>\n<meta property=\"og:site_name\" content=\"Lynetteholm\" \/>\n<meta property=\"article:modified_time\" content=\"2023-10-18T17:44:32+00:00\" \/>\n<meta property=\"og:image\" content=\"https:\/\/byoghavn.dk\/lynetteholm\/wp-content\/uploads\/sites\/7\/2021\/12\/KBHhavn044_17691-2.jpg\" \/>\n\t<meta property=\"og:image:width\" content=\"1920\" \/>\n\t<meta property=\"og:image:height\" content=\"1080\" \/>\n<meta name=\"twitter:card\" content=\"summary_large_image\" \/>\n<meta name=\"twitter:label1\" content=\"Estimeret l\u00e6setid\">\n\t<meta name=\"twitter:data1\" content=\"4 minutter\">\n<script type=\"application\/ld+json\" class=\"yoast-schema-graph\">{\"@context\":\"https:\/\/schema.org\",\"@graph\":[{\"@type\":\"WebSite\",\"@id\":\"https:\/\/byoghavn.dk\/lynetteholm\/#website\",\"url\":\"https:\/\/byoghavn.dk\/lynetteholm\/\",\"name\":\"Lynetteholm\",\"description\":\"Lynetteholm\",\"potentialAction\":[{\"@type\":\"SearchAction\",\"target\":\"https:\/\/byoghavn.dk\/lynetteholm\/?s={search_term_string}\",\"query-input\":\"required name=search_term_string\"}],\"inLanguage\":\"da-DK\"},{\"@type\":\"ImageObject\",\"@id\":\"https:\/\/byoghavn.dk\/lynetteholm\/sejladsforhold\/#primaryimage\",\"inLanguage\":\"da-DK\",\"url\":\"https:\/\/byoghavn.dk\/lynetteholm\/wp-content\/uploads\/sites\/7\/2021\/12\/KBHhavn044_17691-2.jpg\",\"width\":1920,\"height\":1080},{\"@type\":\"WebPage\",\"@id\":\"https:\/\/byoghavn.dk\/lynetteholm\/sejladsforhold\/#webpage\",\"url\":\"https:\/\/byoghavn.dk\/lynetteholm\/sejladsforhold\/\",\"name\":\"Sejladsforhold - Lynetteholm\",\"isPartOf\":{\"@id\":\"https:\/\/byoghavn.dk\/lynetteholm\/#website\"},\"primaryImageOfPage\":{\"@id\":\"https:\/\/byoghavn.dk\/lynetteholm\/sejladsforhold\/#primaryimage\"},\"datePublished\":\"2021-12-02T08:05:53+00:00\",\"dateModified\":\"2023-10-18T17:44:32+00:00\",\"inLanguage\":\"da-DK\",\"potentialAction\":[{\"@type\":\"ReadAction\",\"target\":[\"https:\/\/byoghavn.dk\/lynetteholm\/sejladsforhold\/\"]}]}]}<\/script>\n<!-- \/ Yoast SEO Premium plugin. -->","_links":{"self":[{"href":"https:\/\/byoghavn.dk\/lynetteholm\/wp-json\/wp\/v2\/pages\/413","targetHints":{"allow":["GET"]}}],"collection":[{"href":"https:\/\/byoghavn.dk\/lynetteholm\/wp-json\/wp\/v2\/pages"}],"about":[{"href":"https:\/\/byoghavn.dk\/lynetteholm\/wp-json\/wp\/v2\/types\/page"}],"author":[{"embeddable":true,"href":"https:\/\/byoghavn.dk\/lynetteholm\/wp-json\/wp\/v2\/users\/4"}],"replies":[{"embeddable":true,"href":"https:\/\/byoghavn.dk\/lynetteholm\/wp-json\/wp\/v2\/comments?post=413"}],"version-history":[{"count":12,"href":"https:\/\/byoghavn.dk\/lynetteholm\/wp-json\/wp\/v2\/pages\/413\/revisions"}],"predecessor-version":[{"id":2085,"href":"https:\/\/byoghavn.dk\/lynetteholm\/wp-json\/wp\/v2\/pages\/413\/revisions\/2085"}],"wp:featuredmedia":[{"embeddable":true,"href":"https:\/\/byoghavn.dk\/lynetteholm\/wp-json\/wp\/v2\/media\/534"}],"wp:attachment":[{"href":"https:\/\/byoghavn.dk\/lynetteholm\/wp-json\/wp\/v2\/media?parent=413"}],"wp:term":[{"taxonomy":"wf_page_folders","embeddable":true,"href":"https:\/\/byoghavn.dk\/lynetteholm\/wp-json\/wp\/v2\/wf_page_folders?post=413"}],"curies":[{"name":"wp","href":"https:\/\/api.w.org\/{rel}","templated":true}]}}